{"version":"1.0","provider_name":"Toutes Nos \u00c9nergies \u2013 Occitanie Environnement ","provider_url":"https:\/\/toutesnosenergies.fr","author_name":"WM81","author_url":"https:\/\/toutesnosenergies.fr\/index.php\/author\/wm81\/","title":"Le carnaval interdit !! - Toutes Nos \u00c9nergies \u2013 Occitanie Environnement","type":"rich","width":600,"height":338,"html":"<blockquote class=\"wp-embedded-content\" data-secret=\"yWQHASvxD6\"><a href=\"https:\/\/toutesnosenergies.fr\/index.php\/2019\/03\/11\/le-carnaval-interdit\/\">Le carnaval interdit !!<\/a><\/blockquote><iframe sandbox=\"allow-scripts\" security=\"restricted\" src=\"https:\/\/toutesnosenergies.fr\/index.php\/2019\/03\/11\/le-carnaval-interdit\/embed\/#?secret=yWQHASvxD6\" width=\"600\" height=\"338\" title=\"\u00ab\u00a0Le carnaval interdit !!\u00a0\u00bb &#8212; Toutes Nos \u00c9nergies \u2013 Occitanie Environnement \" data-secret=\"yWQHASvxD6\" frameborder=\"0\" marginwidth=\"0\" marginheight=\"0\" scrolling=\"no\" class=\"wp-embedded-content\"><\/iframe><script>\n\/*! This file is auto-generated *\/\n!function(d,l){\"use strict\";l.querySelector&&d.addEventListener&&\"undefined\"!=typeof URL&&(d.wp=d.wp||{},d.wp.receiveEmbedMessage||(d.wp.receiveEmbedMessage=function(e){var t=e.data;if((t||t.secret||t.message||t.value)&&!\/[^a-zA-Z0-9]\/.test(t.secret)){for(var s,r,n,a=l.querySelectorAll('iframe[data-secret=\"'+t.secret+'\"]'),o=l.querySelectorAll('blockquote[data-secret=\"'+t.secret+'\"]'),c=new RegExp(\"^https?:$\",\"i\"),i=0;i<o.length;i++)o[i].style.display=\"none\";for(i=0;i<a.length;i++)s=a[i],e.source===s.contentWindow&&(s.removeAttribute(\"style\"),\"height\"===t.message?(1e3<(r=parseInt(t.value,10))?r=1e3:~~r<200&&(r=200),s.height=r):\"link\"===t.message&&(r=new URL(s.getAttribute(\"src\")),n=new URL(t.value),c.test(n.protocol))&&n.host===r.host&&l.activeElement===s&&(d.top.location.href=t.value))}},d.addEventListener(\"message\",d.wp.receiveEmbedMessage,!1),l.addEventListener(\"DOMContentLoaded\",function(){for(var e,t,s=l.querySelectorAll(\"iframe.wp-embedded-content\"),r=0;r<s.length;r++)(t=(e=s[r]).getAttribute(\"data-secret\"))||(t=Math.random().toString(36).substring(2,12),e.src+=\"#?secret=\"+t,e.setAttribute(\"data-secret\",t)),e.contentWindow.postMessage({message:\"ready\",secret:t},\"*\")},!1)))}(window,document);\n\/\/# sourceURL=https:\/\/toutesnosenergies.fr\/wp-includes\/js\/wp-embed.min.js\n<\/script>\n","description":"L\u2019Amassada communique : \u00abIl fallait oser ! Interdire un carnaval en Occitanie et mobiliser des gendarmes mobiles pour faire respecter cette d\u00e9cision. Samedi 9 Mars, un carnaval \u00e9tait pr\u00e9vu \u00e0 Millau (12) sur le th\u00e8me de la farce \u00e9nerg\u00e9tique, avec pour esprit \u00ab Retrouve Ton Enfance \u00bb  Mais la pr\u00e9f\u00e8te de l\u2019Aveyron a pr\u00e9f\u00e9r\u00e9 prendre un arr\u00eat\u00e9 d\u2019interdiction de toute manifestation non d\u00e9clar\u00e9e, sur toute la commune de Millau du vendredi 8 au dimanche 10 compris.  D\u00e9s le matin 8h et jusqu\u2019\u00e0 15h, heure pr\u00e9vue pour le d\u00e9marrage du carnaval, des contr\u00f4les routiers drastiques sont mis en place sur les diff\u00e9rents acc\u00e8s qui m\u00e8nent \u00e0 Millau, avec fouille compl\u00e8te des v\u00e9hicules arr\u00eat\u00e9s, et confiscation d\u2019objets\u00ab suspects \u00bb : costumes, masques, m\u00e9gaphone et m\u00eame des piles."}

Toutes Nos Énergies – Occitanie Environnement

Le carnaval interdit !! - Toutes Nos Énergies – Occitanie Environnement

<blockquote class="wp-embedded-content" data-secret="yWQHASvxD6"><a href="https://toutesnosenergies.fr/index.php/2019/03/11/le-carnaval-interdit/">Le carnaval interdit !!</a></blockquote><iframe sandbox="allow-scripts" security="restricted" src="https://toutesnosenergies.fr/index.php/2019/03/11/le-carnaval-interdit/embed/#?secret=yWQHASvxD6" width="600" height="338" title="« Le carnaval interdit !! » &#8212; Toutes Nos Énergies – Occitanie Environnement " data-secret="yWQHASvxD6" frameborder="0" marginwidth="0" marginheight="0" scrolling="no" class="wp-embedded-content"></iframe><script>
/*! This file is auto-generated */
!function(d,l){"use strict";l.querySelector&&d.addEventListener&&"undefined"!=typeof URL&&(d.wp=d.wp||{},d.wp.receiveEmbedMessage||(d.wp.receiveEmbedMessage=function(e){var t=e.data;if((t||t.secret||t.message||t.value)&&!/[^a-zA-Z0-9]/.test(t.secret)){for(var s,r,n,a=l.querySelectorAll('iframe[data-secret="'+t.secret+'"]'),o=l.querySelectorAll('blockquote[data-secret="'+t.secret+'"]'),c=new RegExp("^https?:$","i"),i=0;i<o.length;i++)o[i].style.display="none";for(i=0;i<a.length;i++)s=a[i],e.source===s.contentWindow&&(s.removeAttribute("style"),"height"===t.message?(1e3<(r=parseInt(t.value,10))?r=1e3:~~r<200&&(r=200),s.height=r):"link"===t.message&&(r=new URL(s.getAttribute("src")),n=new URL(t.value),c.test(n.protocol))&&n.host===r.host&&l.activeElement===s&&(d.top.location.href=t.value))}},d.addEventListener("message",d.wp.receiveEmbedMessage,!1),l.addEventListener("DOMContentLoaded",function(){for(var e,t,s=l.querySelectorAll("iframe.wp-embedded-content"),r=0;r<s.length;r++)(t=(e=s[r]).getAttribute("data-secret"))||(t=Math.random().toString(36).substring(2,12),e.src+="#?secret="+t,e.setAttribute("data-secret",t)),e.contentWindow.postMessage({message:"ready",secret:t},"*")},!1)))}(window,document);
//# sourceURL=https://toutesnosenergies.fr/wp-includes/js/wp-embed.min.js
</script>

L’Amassada communique : «Il fallait oser ! Interdire un carnaval en Occitanie et mobiliser des gendarmes mobiles pour faire respecter cette décision. Samedi 9 Mars, un carnaval était prévu à Millau (12) sur le thème de la farce énergétique, avec pour esprit « Retrouve Ton Enfance »  Mais la préfète de l’Aveyron a préféré prendre un arrêté d’interdiction de toute manifestation non déclarée, sur toute la commune de Millau du vendredi 8 au dimanche 10 compris.  Dés le matin 8h et jusqu’à 15h, heure prévue pour le démarrage du carnaval, des contrôles routiers drastiques sont mis en place sur les différents accès qui mènent à Millau, avec fouille complète des véhicules arrêtés, et confiscation d’objets« suspects » : costumes, masques, mégaphone et même des piles.
