{"id":1310,"date":"2018-04-20T11:21:56","date_gmt":"2018-04-20T09:21:56","guid":{"rendered":"http:\/\/toutesnosenergies.fr\/?page_id=1310"},"modified":"2018-04-23T21:55:18","modified_gmt":"2018-04-23T19:55:18","slug":"la-cndp-la-ppe-et-le-debat-public","status":"publish","type":"page","link":"https:\/\/toutesnosenergies.fr\/index.php\/la-cndp-la-ppe-et-le-debat-public\/","title":{"rendered":"La CNDP, la PPE et le d\u00e9bat public&#8230;"},"content":{"rendered":"<p><a href=\"http:\/\/toutesnosenergies.fr\/wp-content\/uploads\/2018\/04\/banner_ppe.png\"><img loading=\"lazy\" decoding=\"async\" class=\"alignleft size-medium wp-image-1313\" src=\"http:\/\/toutesnosenergies.fr\/wp-content\/uploads\/2018\/04\/banner_ppe-300x147.png\" alt=\"\" width=\"300\" height=\"147\" srcset=\"https:\/\/toutesnosenergies.fr\/wp-content\/uploads\/2018\/04\/banner_ppe-300x147.png 300w, https:\/\/toutesnosenergies.fr\/wp-content\/uploads\/2018\/04\/banner_ppe.png 360w\" sizes=\"auto, (max-width: 300px) 100vw, 300px\" \/><\/a>La Commission nationale du d\u00e9bat public (CNDP) est une autorit\u00e9 administrative ind\u00e9pendante dont la mission est d\u2019informer les citoyens et de faire en sorte que leur point de vue soit pris en compte dans le processus de d\u00e9cision : \u00ab Vous donner la parole et la faire entendre \u00bb.<\/p>\n<p>La CNDP <a href=\"https:\/\/www.debatpublic.fr\/\">https:\/\/www.debatpublic.fr<\/a>\u00a0donne la parole aux citoyens sur les projets d&rsquo;am\u00e9nagement ou d&rsquo;\u00e9quipement d&rsquo;int\u00e9r\u00eat national qui pr\u00e9sentent des impacts significatifs sur l&rsquo;environnement et dont les enjeux socio-\u00e9conomiques sont importants. Cette prise de parole se fait soit dans le cadre d\u2019un\u00a0d\u00e9bat public organis\u00e9 par ses soins et pour lequel elle nomme une commission particuli\u00e8re, soit dans le cadre d\u2019une\u00a0concertation pour laquelle elle nomme un\u00a0garant<\/p>\n<p><strong>Dans le cas d\u2019un plan ou programme de niveau national tel que la PPE, le d\u00e9bat public porte sur : <\/strong>les objectifs, les principales orientations, les enjeux socio-\u00e9conomiques qui s\u2019y attachent, les impacts sur l\u2019environnement et l\u2019am\u00e9nagement du territoire.<\/p>\n<p>Elabor\u00e9e par le minist\u00e8re de la Transition \u00e9cologique et solidaire, <strong>la programmation pluriannuelle de l\u2019\u00e9nergie (PPE)<\/strong> est l\u2019outil de pilotage de la politique \u00e9nerg\u00e9tique de la France cr\u00e9\u00e9\u0301 par la loi de transition \u00e9nerg\u00e9tique pour la croissance verte (LTECV) vot\u00e9e en 2015. Cette programmation pluriannuelle fait l\u2019objet d\u2019un d\u00e9bat national du 19 mars au 30 juin 2018.<\/p>\n<p>La CNDP a \u00e9t\u00e9 saisie par la Direction de l&rsquo;\u00e9nergie du minist\u00e8re de la Transition \u00e9cologique et solidaire et a d\u00e9cid\u00e9 de l&rsquo;organisation d&rsquo;un d\u00e9bat public dont l&rsquo;animation sera confi\u00e9e \u00e0 une commission particuli\u00e8re; la pr\u00e9sidence a \u00e9t\u00e9 confi\u00e9e \u00e0 M. Jacques Archimbaud.<\/p>\n<p>Le collectif TNE-OE \u2013 dont les associations se battent depuis plus d\u2019une dizaine d\u2019ann\u00e9es contre les projets d\u2019implantation d\u2019\u00e9oliennes industrielles \u2013 a pr\u00e9sent\u00e9 un projet de d\u00e9bat public sur le th\u00e8me : <strong>comment peut-on r\u00e9ussir une transition \u00e9nerg\u00e9tique sans endommager durablement les espaces ruraux ?<\/strong> Si la transition \u00e9nerg\u00e9tique implique pour tous des responsabilit\u00e9s globales en mati\u00e8re de pr\u00e9servation et de gestion raisonn\u00e9e des ressources naturelles d&rsquo;am\u00e9nagement et d&rsquo;\u00e9quipement des territoires dans le respect de la sant\u00e9 de l&rsquo;homme et de son environnement, dans le souci d\u2019une r\u00e9partition juste des efforts et des b\u00e9n\u00e9fices,\u00a0 nous soutenons qu\u2019elle peut se faire sans une \u00e9olienne industrielle de plus dans nos territoires. C&rsquo;est de cet enjeu dont nous voulons d\u00e9battre largement.<\/p>\n<p>La Commission nationale du d\u00e9bat public a accept\u00e9 de labelliser cette initiative qui aura lieu au Palais des Congr\u00e8s de Mazamet, le mercredi 30 mai.<\/p>\n<p>Le cadre du d\u00e9bat est pr\u00e9cis\u00e9 dans le\u00a0\u00a0<a href=\"https:\/\/ppe.debatpublic.fr\/dossier-du-maitre-douvrage-dmo\">dossier dit du ma\u00eetre d\u2019ouvrage<\/a> (DMO). C&rsquo;est un document incontournable des d\u00e9bats publics organis\u00e9s par la CNDP. Ce document pr\u00e9sente le projet r\u00e9dig\u00e9 par le porteur du projet \u00e0 destination des publics du d\u00e9bat avec la supervision de la Commission particuli\u00e8re qui s\u2019assure de l\u2019accessibilit\u00e9 et de la compl\u00e9tude des informations ainsi propos\u00e9es. Il est consultable dans une version longue et dans une synth\u00e8se plus courte.<\/p>\n<p>Quelques adresses internet utiles\u00a0:<\/p>\n<ul>\n<li>La pr\u00e9sentation du PPE au niveau du minist\u00e8re\u00a0:<br \/>\n<a href=\"https:\/\/www.ecologique-solidaire.gouv.fr\/programmations-pluriannuelles-lenergie-ppe\">https:\/\/www.ecologique-solidaire.gouv.fr\/programmations-pluriannuelles-lenergie-ppe<\/a><\/li>\n<li>Le site qui fait le point sur le d\u00e9bat\u00a0: <a href=\"https:\/\/ppe.debatpublic.fr\/\">https:\/\/ppe.debatpublic.fr\/<\/a><\/li>\n<li>Pour en savoir plus sur l&rsquo;organisation du d\u00e9bat public :<br \/>\n<a href=\"https:\/\/www.actu-environnement.com\/ae\/news\/PPE-programmation-pluriannuelle-energie-debat-public-calendrier-modalites-CNDP-30644.php4\">https:\/\/www.actu-environnement.com\/ae\/news\/PPE-programmation-pluriannuelle-energie-debat-public-calendrier-modalites-CNDP-30644.php4<\/a><\/li>\n<li>Pour t\u00e9l\u00e9charger le dossier de presse\u00a0: <a href=\"https:\/\/ppe.debatpublic.fr\/file\/1402\/download?token=O97d7xk0\">https:\/\/ppe.debatpublic.fr\/file\/1402\/download?token=O97d7xk0<\/a>,<\/li>\n<\/ul>\n<p>&nbsp;<\/p>\n<p>&nbsp;<\/p>\n","protected":false},"excerpt":{"rendered":"<p>La Commission nationale du d\u00e9bat public (CNDP) est une autorit\u00e9 administrative ind\u00e9pendante dont la mission est d\u2019informer les citoyens et de faire en sorte que leur point de vue soit pris en compte dans le processus de d\u00e9cision : \u00ab Vous donner la parole et la faire entendre \u00bb. La CNDP https:\/\/www.debatpublic.fr\u00a0donne la parole aux &#8230; <a title=\"La CNDP, la PPE et le d\u00e9bat public&#8230;\" class=\"read-more\" href=\"https:\/\/toutesnosenergies.fr\/index.php\/la-cndp-la-ppe-et-le-debat-public\/\" aria-label=\"Plus sur La CNDP, la PPE et le d\u00e9bat public&#8230;\">Lire plus<\/a><\/p>\n","protected":false},"author":3,"featured_media":0,"parent":0,"menu_order":0,"comment_status":"closed","ping_status":"closed","template":"","meta":{"_cbd_carousel_blocks":"[]","sfsi_plus_gutenberg_text_before_share":"","sfsi_plus_gutenberg_show_text_before_share":"","sfsi_plus_gutenberg_icon_type":"","sfsi_plus_gutenberg_icon_alignemt":"","sfsi_plus_gutenburg_max_per_row":"","footnotes":""},"class_list":["post-1310","page","type-page","status-publish"],"yoast_head":"<!-- This site is optimized with the Yoast SEO plugin v27.5 - https:\/\/yoast.com\/product\/yoast-seo-wordpress\/ -->\n<title>La CNDP, la PPE et le d\u00e9bat public... - Toutes Nos \u00c9nergies \u2013 Occitanie Environnement<\/title>\n<meta name=\"robots\" content=\"index, follow, max-snippet:-1, max-image-preview:large, max-video-preview:-1\" \/>\n<link rel=\"canonical\" href=\"https:\/\/toutesnosenergies.fr\/index.php\/la-cndp-la-ppe-et-le-debat-public\/\" \/>\n<meta property=\"og:locale\" content=\"fr_FR\" \/>\n<meta property=\"og:type\" content=\"article\" \/>\n<meta property=\"og:title\" content=\"La CNDP, la PPE et le d\u00e9bat public... - Toutes Nos \u00c9nergies \u2013 Occitanie Environnement\" \/>\n<meta property=\"og:description\" content=\"La Commission nationale du d\u00e9bat public (CNDP) est une autorit\u00e9 administrative ind\u00e9pendante dont la mission est d\u2019informer les citoyens et de faire en sorte que leur point de vue soit pris en compte dans le processus de d\u00e9cision : \u00ab Vous donner la parole et la faire entendre \u00bb. La CNDP https:\/\/www.debatpublic.fr\u00a0donne la parole aux ... Lire plus\" \/>\n<meta property=\"og:url\" content=\"https:\/\/toutesnosenergies.fr\/index.php\/la-cndp-la-ppe-et-le-debat-public\/\" \/>\n<meta property=\"og:site_name\" content=\"Toutes Nos \u00c9nergies \u2013 Occitanie Environnement\" \/>\n<meta property=\"article:publisher\" content=\"https:\/\/www.facebook.com\/TNEtoutesnosenergiesOccitanieEnvironnement\" \/>\n<meta property=\"article:modified_time\" content=\"2018-04-23T19:55:18+00:00\" \/>\n<meta property=\"og:image\" content=\"http:\/\/toutesnosenergies.fr\/wp-content\/uploads\/2018\/04\/banner_ppe-300x147.png\" \/>\n<meta name=\"twitter:card\" content=\"summary_large_image\" \/>\n<meta name=\"twitter:label1\" content=\"Dur\u00e9e de lecture estim\u00e9e\" \/>\n\t<meta name=\"twitter:data1\" content=\"3 minutes\" \/>\n<script type=\"application\/ld+json\" class=\"yoast-schema-graph\">{\"@context\":\"https:\\\/\\\/schema.org\",\"@graph\":[{\"@type\":\"WebPage\",\"@id\":\"https:\\\/\\\/toutesnosenergies.fr\\\/index.php\\\/la-cndp-la-ppe-et-le-debat-public\\\/\",\"url\":\"https:\\\/\\\/toutesnosenergies.fr\\\/index.php\\\/la-cndp-la-ppe-et-le-debat-public\\\/\",\"name\":\"La CNDP, la PPE et le d\u00e9bat public... - Toutes Nos \u00c9nergies \u2013 Occitanie Environnement\",\"isPartOf\":{\"@id\":\"https:\\\/\\\/toutesnosenergies.fr\\\/#website\"},\"primaryImageOfPage\":{\"@id\":\"https:\\\/\\\/toutesnosenergies.fr\\\/index.php\\\/la-cndp-la-ppe-et-le-debat-public\\\/#primaryimage\"},\"image\":{\"@id\":\"https:\\\/\\\/toutesnosenergies.fr\\\/index.php\\\/la-cndp-la-ppe-et-le-debat-public\\\/#primaryimage\"},\"thumbnailUrl\":\"http:\\\/\\\/toutesnosenergies.fr\\\/wp-content\\\/uploads\\\/2018\\\/04\\\/banner_ppe-300x147.png\",\"datePublished\":\"2018-04-20T09:21:56+00:00\",\"dateModified\":\"2018-04-23T19:55:18+00:00\",\"breadcrumb\":{\"@id\":\"https:\\\/\\\/toutesnosenergies.fr\\\/index.php\\\/la-cndp-la-ppe-et-le-debat-public\\\/#breadcrumb\"},\"inLanguage\":\"fr-FR\",\"potentialAction\":[{\"@type\":\"ReadAction\",\"target\":[\"https:\\\/\\\/toutesnosenergies.fr\\\/index.php\\\/la-cndp-la-ppe-et-le-debat-public\\\/\"]}]},{\"@type\":\"ImageObject\",\"inLanguage\":\"fr-FR\",\"@id\":\"https:\\\/\\\/toutesnosenergies.fr\\\/index.php\\\/la-cndp-la-ppe-et-le-debat-public\\\/#primaryimage\",\"url\":\"https:\\\/\\\/toutesnosenergies.fr\\\/wp-content\\\/uploads\\\/2018\\\/04\\\/banner_ppe.png\",\"contentUrl\":\"https:\\\/\\\/toutesnosenergies.fr\\\/wp-content\\\/uploads\\\/2018\\\/04\\\/banner_ppe.png\",\"width\":360,\"height\":176},{\"@type\":\"BreadcrumbList\",\"@id\":\"https:\\\/\\\/toutesnosenergies.fr\\\/index.php\\\/la-cndp-la-ppe-et-le-debat-public\\\/#breadcrumb\",\"itemListElement\":[{\"@type\":\"ListItem\",\"position\":1,\"name\":\"Accueil\",\"item\":\"https:\\\/\\\/toutesnosenergies.fr\\\/\"},{\"@type\":\"ListItem\",\"position\":2,\"name\":\"La CNDP, la PPE et le d\u00e9bat public&#8230;\"}]},{\"@type\":\"WebSite\",\"@id\":\"https:\\\/\\\/toutesnosenergies.fr\\\/#website\",\"url\":\"https:\\\/\\\/toutesnosenergies.fr\\\/\",\"name\":\"Toutes Nos \u00c9nergies \u2013 Occitanie Environnement\",\"description\":\"Pour une \u00e9nergie respectueuse du vivant et des territoires ruraux en Occitanie\",\"publisher\":{\"@id\":\"https:\\\/\\\/toutesnosenergies.fr\\\/#organization\"},\"potentialAction\":[{\"@type\":\"SearchAction\",\"target\":{\"@type\":\"EntryPoint\",\"urlTemplate\":\"https:\\\/\\\/toutesnosenergies.fr\\\/?s={search_term_string}\"},\"query-input\":{\"@type\":\"PropertyValueSpecification\",\"valueRequired\":true,\"valueName\":\"search_term_string\"}}],\"inLanguage\":\"fr-FR\"},{\"@type\":\"Organization\",\"@id\":\"https:\\\/\\\/toutesnosenergies.fr\\\/#organization\",\"name\":\"Toutes Nos \u00c9nergies \u2013 Occitanie Environnement\",\"url\":\"https:\\\/\\\/toutesnosenergies.fr\\\/\",\"logo\":{\"@type\":\"ImageObject\",\"inLanguage\":\"fr-FR\",\"@id\":\"https:\\\/\\\/toutesnosenergies.fr\\\/#\\\/schema\\\/logo\\\/image\\\/\",\"url\":\"https:\\\/\\\/toutesnosenergies.fr\\\/wp-content\\\/uploads\\\/2023\\\/01\\\/Petit-logo.png\",\"contentUrl\":\"https:\\\/\\\/toutesnosenergies.fr\\\/wp-content\\\/uploads\\\/2023\\\/01\\\/Petit-logo.png\",\"width\":360,\"height\":102,\"caption\":\"Toutes Nos \u00c9nergies \u2013 Occitanie Environnement\"},\"image\":{\"@id\":\"https:\\\/\\\/toutesnosenergies.fr\\\/#\\\/schema\\\/logo\\\/image\\\/\"},\"sameAs\":[\"https:\\\/\\\/www.facebook.com\\\/TNEtoutesnosenergiesOccitanieEnvironnement\"]}]}<\/script>\n<!-- \/ Yoast SEO plugin. -->","yoast_head_json":{"title":"La CNDP, la PPE et le d\u00e9bat public... - Toutes Nos \u00c9nergies \u2013 Occitanie Environnement","robots":{"index":"index","follow":"follow","max-snippet":"max-snippet:-1","max-image-preview":"max-image-preview:large","max-video-preview":"max-video-preview:-1"},"canonical":"https:\/\/toutesnosenergies.fr\/index.php\/la-cndp-la-ppe-et-le-debat-public\/","og_locale":"fr_FR","og_type":"article","og_title":"La CNDP, la PPE et le d\u00e9bat public... - Toutes Nos \u00c9nergies \u2013 Occitanie Environnement","og_description":"La Commission nationale du d\u00e9bat public (CNDP) est une autorit\u00e9 administrative ind\u00e9pendante dont la mission est d\u2019informer les citoyens et de faire en sorte que leur point de vue soit pris en compte dans le processus de d\u00e9cision : \u00ab Vous donner la parole et la faire entendre \u00bb. La CNDP https:\/\/www.debatpublic.fr\u00a0donne la parole aux ... Lire plus","og_url":"https:\/\/toutesnosenergies.fr\/index.php\/la-cndp-la-ppe-et-le-debat-public\/","og_site_name":"Toutes Nos \u00c9nergies \u2013 Occitanie Environnement","article_publisher":"https:\/\/www.facebook.com\/TNEtoutesnosenergiesOccitanieEnvironnement","article_modified_time":"2018-04-23T19:55:18+00:00","og_image":[{"url":"http:\/\/toutesnosenergies.fr\/wp-content\/uploads\/2018\/04\/banner_ppe-300x147.png","type":"","width":"","height":""}],"twitter_card":"summary_large_image","twitter_misc":{"Dur\u00e9e de lecture estim\u00e9e":"3 minutes"},"schema":{"@context":"https:\/\/schema.org","@graph":[{"@type":"WebPage","@id":"https:\/\/toutesnosenergies.fr\/index.php\/la-cndp-la-ppe-et-le-debat-public\/","url":"https:\/\/toutesnosenergies.fr\/index.php\/la-cndp-la-ppe-et-le-debat-public\/","name":"La CNDP, la PPE et le d\u00e9bat public... - Toutes Nos \u00c9nergies \u2013 Occitanie Environnement","isPartOf":{"@id":"https:\/\/toutesnosenergies.fr\/#website"},"primaryImageOfPage":{"@id":"https:\/\/toutesnosenergies.fr\/index.php\/la-cndp-la-ppe-et-le-debat-public\/#primaryimage"},"image":{"@id":"https:\/\/toutesnosenergies.fr\/index.php\/la-cndp-la-ppe-et-le-debat-public\/#primaryimage"},"thumbnailUrl":"http:\/\/toutesnosenergies.fr\/wp-content\/uploads\/2018\/04\/banner_ppe-300x147.png","datePublished":"2018-04-20T09:21:56+00:00","dateModified":"2018-04-23T19:55:18+00:00","breadcrumb":{"@id":"https:\/\/toutesnosenergies.fr\/index.php\/la-cndp-la-ppe-et-le-debat-public\/#breadcrumb"},"inLanguage":"fr-FR","potentialAction":[{"@type":"ReadAction","target":["https:\/\/toutesnosenergies.fr\/index.php\/la-cndp-la-ppe-et-le-debat-public\/"]}]},{"@type":"ImageObject","inLanguage":"fr-FR","@id":"https:\/\/toutesnosenergies.fr\/index.php\/la-cndp-la-ppe-et-le-debat-public\/#primaryimage","url":"https:\/\/toutesnosenergies.fr\/wp-content\/uploads\/2018\/04\/banner_ppe.png","contentUrl":"https:\/\/toutesnosenergies.fr\/wp-content\/uploads\/2018\/04\/banner_ppe.png","width":360,"height":176},{"@type":"BreadcrumbList","@id":"https:\/\/toutesnosenergies.fr\/index.php\/la-cndp-la-ppe-et-le-debat-public\/#breadcrumb","itemListElement":[{"@type":"ListItem","position":1,"name":"Accueil","item":"https:\/\/toutesnosenergies.fr\/"},{"@type":"ListItem","position":2,"name":"La CNDP, la PPE et le d\u00e9bat public&#8230;"}]},{"@type":"WebSite","@id":"https:\/\/toutesnosenergies.fr\/#website","url":"https:\/\/toutesnosenergies.fr\/","name":"Toutes Nos \u00c9nergies \u2013 Occitanie Environnement","description":"Pour une \u00e9nergie respectueuse du vivant et des territoires ruraux en Occitanie","publisher":{"@id":"https:\/\/toutesnosenergies.fr\/#organization"},"potentialAction":[{"@type":"SearchAction","target":{"@type":"EntryPoint","urlTemplate":"https:\/\/toutesnosenergies.fr\/?s={search_term_string}"},"query-input":{"@type":"PropertyValueSpecification","valueRequired":true,"valueName":"search_term_string"}}],"inLanguage":"fr-FR"},{"@type":"Organization","@id":"https:\/\/toutesnosenergies.fr\/#organization","name":"Toutes Nos \u00c9nergies \u2013 Occitanie Environnement","url":"https:\/\/toutesnosenergies.fr\/","logo":{"@type":"ImageObject","inLanguage":"fr-FR","@id":"https:\/\/toutesnosenergies.fr\/#\/schema\/logo\/image\/","url":"https:\/\/toutesnosenergies.fr\/wp-content\/uploads\/2023\/01\/Petit-logo.png","contentUrl":"https:\/\/toutesnosenergies.fr\/wp-content\/uploads\/2023\/01\/Petit-logo.png","width":360,"height":102,"caption":"Toutes Nos \u00c9nergies \u2013 Occitanie Environnement"},"image":{"@id":"https:\/\/toutesnosenergies.fr\/#\/schema\/logo\/image\/"},"sameAs":["https:\/\/www.facebook.com\/TNEtoutesnosenergiesOccitanieEnvironnement"]}]}},"_links":{"self":[{"href":"https:\/\/toutesnosenergies.fr\/index.php\/wp-json\/wp\/v2\/pages\/1310","targetHints":{"allow":["GET"]}}],"collection":[{"href":"https:\/\/toutesnosenergies.fr\/index.php\/wp-json\/wp\/v2\/pages"}],"about":[{"href":"https:\/\/toutesnosenergies.fr\/index.php\/wp-json\/wp\/v2\/types\/page"}],"author":[{"embeddable":true,"href":"https:\/\/toutesnosenergies.fr\/index.php\/wp-json\/wp\/v2\/users\/3"}],"replies":[{"embeddable":true,"href":"https:\/\/toutesnosenergies.fr\/index.php\/wp-json\/wp\/v2\/comments?post=1310"}],"version-history":[{"count":4,"href":"https:\/\/toutesnosenergies.fr\/index.php\/wp-json\/wp\/v2\/pages\/1310\/revisions"}],"predecessor-version":[{"id":1334,"href":"https:\/\/toutesnosenergies.fr\/index.php\/wp-json\/wp\/v2\/pages\/1310\/revisions\/1334"}],"wp:attachment":[{"href":"https:\/\/toutesnosenergies.fr\/index.php\/wp-json\/wp\/v2\/media?parent=1310"}],"curies":[{"name":"wp","href":"https:\/\/api.w.org\/{rel}","templated":true}]}}