{"id":1545,"date":"2018-08-14T20:18:35","date_gmt":"2018-08-14T18:18:35","guid":{"rendered":"http:\/\/toutesnosenergies.fr\/?page_id=1545"},"modified":"2018-08-14T20:20:22","modified_gmt":"2018-08-14T18:20:22","slug":"limpact-des-eoliennes-sur-les-aigles-et-les-rapaces","status":"publish","type":"page","link":"https:\/\/toutesnosenergies.fr\/index.php\/limpact-des-eoliennes-sur-les-aigles-et-les-rapaces\/","title":{"rendered":"L&rsquo;impact des \u00e9oliennes sur les aigles et les rapaces dans l&rsquo;Escandorgue"},"content":{"rendered":"<p>Parrain\u00e9 par le \u201cCollectif pour la protection des Paysages et de la Biodiversit\u00e934\u201d- Montpellier, <em>Associations ornithologiques de l\u2019H\u00e9rault, \u00e9tudes des soci\u00e9t\u00e9s ALTIFAUNE, ABIES, EXEN, donn\u00e9es GPS de l\u2019association BECOT, Groupe Rapaces du Sud du Massif Central \u00bb, Banque Mondiale <\/em>\u00a0et r\u00e9actualis\u00e9 en ao\u00fbt 2018, voici <a href=\"http:\/\/toutesnosenergies.fr\/wp-content\/uploads\/2018\/08\/dossier-aigles-2018.pdf\">un tr\u00e8s int\u00e9ressant rapport<\/a> des Dr Bryan Davies MA PhD et Dr Robin Cox, ornithologue.\u00ab\u00a0Aigles royaux et autres rapaces pr\u00e9sents sur l\u2019Escandorgue ; leur vuln\u00e9rabilit\u00e9 face aux \u00e9oliennes\u00a0\u00bb<\/p>\n<p>Voici le r\u00e9sum\u00e9 : L\u2019implantation de huit parcs d&rsquo;\u00e9oliennes sur le plateau et le massif de l&rsquo;Escandorgue impliquerait une menace fondamentale pour la population des oiseaux de proie \u00ab esp\u00e8ces sensibles \u00bb toutes inscrites sur la liste Rouge des oiseaux \u00e0 prot\u00e9ger, l\u2019impact des \u00e9oliennes \u00e9tant diff\u00e9rent selon que ces rapaces soient s\u00e9dentaires ou migrateurs, diurnes ou nocturnes.<\/p>\n<p>Sont concern\u00e9s : principalement <strong>l\u2019Aigle Royal<\/strong><sup>1<\/sup>, le plus majestueux des aigles, dont il subsiste un seul couple sur le massif de l\u2019Escandorgue<strong>, le Busard Cendr\u00e9 <\/strong>nicheur de d\u00e9but avril \u00e0 fin ao\u00fbt sur l\u2019Escandorgue, <strong>le busard St Martin et le Circa\u00e8te Jean-le-Blanc, enfin <\/strong><strong>le milan noir, le milan royal, la bondr\u00e9e apivore<\/strong>, <strong>l\u2019autour des palombes<\/strong>,<strong>la buse variable <\/strong>ainsi que, nocturnes, <strong>le Grand Duc, les chouettes Hulotte et Chev\u00eache, le vautour fauve <\/strong>qui y nichent et\/ou y chassent.<\/p>\n<p>D\u2019autres esp\u00e8ces b\u00e9n\u00e9ficiant d\u2019un Plan National d\u2019Action transitent aussi dans le secteur <strong>: le vautour- moine <\/strong>esp\u00e8ce en danger dont les derni\u00e8res observations indiquent qu\u2019il deviendra probablement nicheur sur le secteur dans les ann\u00e9es \u00e0 venir (Groupe Rapaces). Enfin il a \u00e9t\u00e9 d\u00e9couvert en 2017, sur la base de donn\u00e9es GPS (LPO-H\u00e9rault) que le faucon cr\u00e9cerellette exploite aussi ce territoire lors des dispersions post nuptiales et pr\u00e9migratoires. Cette esp\u00e8ce sensible \u00e0 l&rsquo;\u00e9olien est attire par les \u00e9oliennes sur ce territoire (probablement en regard des ouvertures d&rsquo;habitats qui sont cr\u00e9\u00e9s).<\/p>\n<p>Les parcs \u00e9oliens rendent leur environnement qui est d\u00e9j\u00e0 difficile encore plus hostile en raison de la perte et surtout de la fragmentation d\u2019une grande partie de leur territoire de chasse et \/ ou en raison du risque de mort par collision par leurs m\u00e2ts et leurs pales tournantes.\u2028Apr\u00e8s une pr\u00e9sentation de quelques \u00e9l\u00e9ments de la biologie de l\u2019aigle royal utiles \u00e0 la compr\u00e9hension des rapaces en pr\u00e9sence de parcs \u00e9oliens, l\u2019impact de ceux-ci sera analys\u00e9, ainsi que les bonnes pratiques pour pr\u00e9server la biodiversit\u00e9.<\/p>\n","protected":false},"excerpt":{"rendered":"<p>Parrain\u00e9 par le \u201cCollectif pour la protection des Paysages et de la Biodiversit\u00e934\u201d- Montpellier, Associations ornithologiques de l\u2019H\u00e9rault, \u00e9tudes des soci\u00e9t\u00e9s ALTIFAUNE, ABIES, EXEN, donn\u00e9es GPS de l\u2019association BECOT, Groupe Rapaces du Sud du Massif Central \u00bb, Banque Mondiale \u00a0et r\u00e9actualis\u00e9 en ao\u00fbt 2018, voici un tr\u00e8s int\u00e9ressant rapport des Dr Bryan Davies MA PhD &#8230; <a title=\"L&rsquo;impact des \u00e9oliennes sur les aigles et les rapaces dans l&rsquo;Escandorgue\" class=\"read-more\" href=\"https:\/\/toutesnosenergies.fr\/index.php\/limpact-des-eoliennes-sur-les-aigles-et-les-rapaces\/\" aria-label=\"Plus sur L&rsquo;impact des \u00e9oliennes sur les aigles et les rapaces dans l&rsquo;Escandorgue\">Lire plus<\/a><\/p>\n","protected":false},"author":3,"featured_media":0,"parent":0,"menu_order":0,"comment_status":"closed","ping_status":"closed","template":"","meta":{"_cbd_carousel_blocks":"[]","sfsi_plus_gutenberg_text_before_share":"","sfsi_plus_gutenberg_show_text_before_share":"","sfsi_plus_gutenberg_icon_type":"","sfsi_plus_gutenberg_icon_alignemt":"","sfsi_plus_gutenburg_max_per_row":"","footnotes":""},"class_list":["post-1545","page","type-page","status-publish"],"yoast_head":"<!-- This site is optimized with the Yoast SEO plugin v27.3 - https:\/\/yoast.com\/product\/yoast-seo-wordpress\/ -->\n<title>L&#039;impact des \u00e9oliennes sur les aigles et les rapaces dans l&#039;Escandorgue - Toutes Nos \u00c9nergies \u2013 Occitanie Environnement<\/title>\n<meta name=\"robots\" content=\"index, follow, max-snippet:-1, max-image-preview:large, max-video-preview:-1\" \/>\n<link rel=\"canonical\" href=\"https:\/\/toutesnosenergies.fr\/index.php\/limpact-des-eoliennes-sur-les-aigles-et-les-rapaces\/\" \/>\n<meta property=\"og:locale\" content=\"fr_FR\" \/>\n<meta property=\"og:type\" content=\"article\" \/>\n<meta property=\"og:title\" content=\"L&#039;impact des \u00e9oliennes sur les aigles et les rapaces dans l&#039;Escandorgue - Toutes Nos \u00c9nergies \u2013 Occitanie Environnement\" \/>\n<meta property=\"og:description\" content=\"Parrain\u00e9 par le \u201cCollectif pour la protection des Paysages et de la Biodiversit\u00e934\u201d- Montpellier, Associations ornithologiques de l\u2019H\u00e9rault, \u00e9tudes des soci\u00e9t\u00e9s ALTIFAUNE, ABIES, EXEN, donn\u00e9es GPS de l\u2019association BECOT, Groupe Rapaces du Sud du Massif Central \u00bb, Banque Mondiale \u00a0et r\u00e9actualis\u00e9 en ao\u00fbt 2018, voici un tr\u00e8s int\u00e9ressant rapport des Dr Bryan Davies MA PhD ... Lire plus\" \/>\n<meta property=\"og:url\" content=\"https:\/\/toutesnosenergies.fr\/index.php\/limpact-des-eoliennes-sur-les-aigles-et-les-rapaces\/\" \/>\n<meta property=\"og:site_name\" content=\"Toutes Nos \u00c9nergies \u2013 Occitanie Environnement\" \/>\n<meta property=\"article:publisher\" content=\"https:\/\/www.facebook.com\/TNEtoutesnosenergiesOccitanieEnvironnement\" \/>\n<meta property=\"article:modified_time\" content=\"2018-08-14T18:20:22+00:00\" \/>\n<meta name=\"twitter:card\" content=\"summary_large_image\" \/>\n<meta name=\"twitter:label1\" content=\"Dur\u00e9e de lecture estim\u00e9e\" \/>\n\t<meta name=\"twitter:data1\" content=\"2 minutes\" \/>\n<script type=\"application\/ld+json\" class=\"yoast-schema-graph\">{\"@context\":\"https:\\\/\\\/schema.org\",\"@graph\":[{\"@type\":\"WebPage\",\"@id\":\"https:\\\/\\\/toutesnosenergies.fr\\\/index.php\\\/limpact-des-eoliennes-sur-les-aigles-et-les-rapaces\\\/\",\"url\":\"https:\\\/\\\/toutesnosenergies.fr\\\/index.php\\\/limpact-des-eoliennes-sur-les-aigles-et-les-rapaces\\\/\",\"name\":\"L'impact des \u00e9oliennes sur les aigles et les rapaces dans l'Escandorgue - Toutes Nos \u00c9nergies \u2013 Occitanie Environnement\",\"isPartOf\":{\"@id\":\"https:\\\/\\\/toutesnosenergies.fr\\\/#website\"},\"datePublished\":\"2018-08-14T18:18:35+00:00\",\"dateModified\":\"2018-08-14T18:20:22+00:00\",\"breadcrumb\":{\"@id\":\"https:\\\/\\\/toutesnosenergies.fr\\\/index.php\\\/limpact-des-eoliennes-sur-les-aigles-et-les-rapaces\\\/#breadcrumb\"},\"inLanguage\":\"fr-FR\",\"potentialAction\":[{\"@type\":\"ReadAction\",\"target\":[\"https:\\\/\\\/toutesnosenergies.fr\\\/index.php\\\/limpact-des-eoliennes-sur-les-aigles-et-les-rapaces\\\/\"]}]},{\"@type\":\"BreadcrumbList\",\"@id\":\"https:\\\/\\\/toutesnosenergies.fr\\\/index.php\\\/limpact-des-eoliennes-sur-les-aigles-et-les-rapaces\\\/#breadcrumb\",\"itemListElement\":[{\"@type\":\"ListItem\",\"position\":1,\"name\":\"Accueil\",\"item\":\"https:\\\/\\\/toutesnosenergies.fr\\\/\"},{\"@type\":\"ListItem\",\"position\":2,\"name\":\"L&#8217;impact des \u00e9oliennes sur les aigles et les rapaces dans l&#8217;Escandorgue\"}]},{\"@type\":\"WebSite\",\"@id\":\"https:\\\/\\\/toutesnosenergies.fr\\\/#website\",\"url\":\"https:\\\/\\\/toutesnosenergies.fr\\\/\",\"name\":\"Toutes Nos \u00c9nergies \u2013 Occitanie Environnement\",\"description\":\"Pour une \u00e9nergie respectueuse du vivant et des territoires ruraux en Occitanie\",\"publisher\":{\"@id\":\"https:\\\/\\\/toutesnosenergies.fr\\\/#organization\"},\"potentialAction\":[{\"@type\":\"SearchAction\",\"target\":{\"@type\":\"EntryPoint\",\"urlTemplate\":\"https:\\\/\\\/toutesnosenergies.fr\\\/?s={search_term_string}\"},\"query-input\":{\"@type\":\"PropertyValueSpecification\",\"valueRequired\":true,\"valueName\":\"search_term_string\"}}],\"inLanguage\":\"fr-FR\"},{\"@type\":\"Organization\",\"@id\":\"https:\\\/\\\/toutesnosenergies.fr\\\/#organization\",\"name\":\"Toutes Nos \u00c9nergies \u2013 Occitanie Environnement\",\"url\":\"https:\\\/\\\/toutesnosenergies.fr\\\/\",\"logo\":{\"@type\":\"ImageObject\",\"inLanguage\":\"fr-FR\",\"@id\":\"https:\\\/\\\/toutesnosenergies.fr\\\/#\\\/schema\\\/logo\\\/image\\\/\",\"url\":\"https:\\\/\\\/toutesnosenergies.fr\\\/wp-content\\\/uploads\\\/2023\\\/01\\\/Petit-logo.png\",\"contentUrl\":\"https:\\\/\\\/toutesnosenergies.fr\\\/wp-content\\\/uploads\\\/2023\\\/01\\\/Petit-logo.png\",\"width\":360,\"height\":102,\"caption\":\"Toutes Nos \u00c9nergies \u2013 Occitanie Environnement\"},\"image\":{\"@id\":\"https:\\\/\\\/toutesnosenergies.fr\\\/#\\\/schema\\\/logo\\\/image\\\/\"},\"sameAs\":[\"https:\\\/\\\/www.facebook.com\\\/TNEtoutesnosenergiesOccitanieEnvironnement\"]}]}<\/script>\n<!-- \/ Yoast SEO plugin. -->","yoast_head_json":{"title":"L'impact des \u00e9oliennes sur les aigles et les rapaces dans l'Escandorgue - Toutes Nos \u00c9nergies \u2013 Occitanie Environnement","robots":{"index":"index","follow":"follow","max-snippet":"max-snippet:-1","max-image-preview":"max-image-preview:large","max-video-preview":"max-video-preview:-1"},"canonical":"https:\/\/toutesnosenergies.fr\/index.php\/limpact-des-eoliennes-sur-les-aigles-et-les-rapaces\/","og_locale":"fr_FR","og_type":"article","og_title":"L'impact des \u00e9oliennes sur les aigles et les rapaces dans l'Escandorgue - Toutes Nos \u00c9nergies \u2013 Occitanie Environnement","og_description":"Parrain\u00e9 par le \u201cCollectif pour la protection des Paysages et de la Biodiversit\u00e934\u201d- Montpellier, Associations ornithologiques de l\u2019H\u00e9rault, \u00e9tudes des soci\u00e9t\u00e9s ALTIFAUNE, ABIES, EXEN, donn\u00e9es GPS de l\u2019association BECOT, Groupe Rapaces du Sud du Massif Central \u00bb, Banque Mondiale \u00a0et r\u00e9actualis\u00e9 en ao\u00fbt 2018, voici un tr\u00e8s int\u00e9ressant rapport des Dr Bryan Davies MA PhD ... Lire plus","og_url":"https:\/\/toutesnosenergies.fr\/index.php\/limpact-des-eoliennes-sur-les-aigles-et-les-rapaces\/","og_site_name":"Toutes Nos \u00c9nergies \u2013 Occitanie Environnement","article_publisher":"https:\/\/www.facebook.com\/TNEtoutesnosenergiesOccitanieEnvironnement","article_modified_time":"2018-08-14T18:20:22+00:00","twitter_card":"summary_large_image","twitter_misc":{"Dur\u00e9e de lecture estim\u00e9e":"2 minutes"},"schema":{"@context":"https:\/\/schema.org","@graph":[{"@type":"WebPage","@id":"https:\/\/toutesnosenergies.fr\/index.php\/limpact-des-eoliennes-sur-les-aigles-et-les-rapaces\/","url":"https:\/\/toutesnosenergies.fr\/index.php\/limpact-des-eoliennes-sur-les-aigles-et-les-rapaces\/","name":"L'impact des \u00e9oliennes sur les aigles et les rapaces dans l'Escandorgue - Toutes Nos \u00c9nergies \u2013 Occitanie Environnement","isPartOf":{"@id":"https:\/\/toutesnosenergies.fr\/#website"},"datePublished":"2018-08-14T18:18:35+00:00","dateModified":"2018-08-14T18:20:22+00:00","breadcrumb":{"@id":"https:\/\/toutesnosenergies.fr\/index.php\/limpact-des-eoliennes-sur-les-aigles-et-les-rapaces\/#breadcrumb"},"inLanguage":"fr-FR","potentialAction":[{"@type":"ReadAction","target":["https:\/\/toutesnosenergies.fr\/index.php\/limpact-des-eoliennes-sur-les-aigles-et-les-rapaces\/"]}]},{"@type":"BreadcrumbList","@id":"https:\/\/toutesnosenergies.fr\/index.php\/limpact-des-eoliennes-sur-les-aigles-et-les-rapaces\/#breadcrumb","itemListElement":[{"@type":"ListItem","position":1,"name":"Accueil","item":"https:\/\/toutesnosenergies.fr\/"},{"@type":"ListItem","position":2,"name":"L&#8217;impact des \u00e9oliennes sur les aigles et les rapaces dans l&#8217;Escandorgue"}]},{"@type":"WebSite","@id":"https:\/\/toutesnosenergies.fr\/#website","url":"https:\/\/toutesnosenergies.fr\/","name":"Toutes Nos \u00c9nergies \u2013 Occitanie Environnement","description":"Pour une \u00e9nergie respectueuse du vivant et des territoires ruraux en Occitanie","publisher":{"@id":"https:\/\/toutesnosenergies.fr\/#organization"},"potentialAction":[{"@type":"SearchAction","target":{"@type":"EntryPoint","urlTemplate":"https:\/\/toutesnosenergies.fr\/?s={search_term_string}"},"query-input":{"@type":"PropertyValueSpecification","valueRequired":true,"valueName":"search_term_string"}}],"inLanguage":"fr-FR"},{"@type":"Organization","@id":"https:\/\/toutesnosenergies.fr\/#organization","name":"Toutes Nos \u00c9nergies \u2013 Occitanie Environnement","url":"https:\/\/toutesnosenergies.fr\/","logo":{"@type":"ImageObject","inLanguage":"fr-FR","@id":"https:\/\/toutesnosenergies.fr\/#\/schema\/logo\/image\/","url":"https:\/\/toutesnosenergies.fr\/wp-content\/uploads\/2023\/01\/Petit-logo.png","contentUrl":"https:\/\/toutesnosenergies.fr\/wp-content\/uploads\/2023\/01\/Petit-logo.png","width":360,"height":102,"caption":"Toutes Nos \u00c9nergies \u2013 Occitanie Environnement"},"image":{"@id":"https:\/\/toutesnosenergies.fr\/#\/schema\/logo\/image\/"},"sameAs":["https:\/\/www.facebook.com\/TNEtoutesnosenergiesOccitanieEnvironnement"]}]}},"_links":{"self":[{"href":"https:\/\/toutesnosenergies.fr\/index.php\/wp-json\/wp\/v2\/pages\/1545","targetHints":{"allow":["GET"]}}],"collection":[{"href":"https:\/\/toutesnosenergies.fr\/index.php\/wp-json\/wp\/v2\/pages"}],"about":[{"href":"https:\/\/toutesnosenergies.fr\/index.php\/wp-json\/wp\/v2\/types\/page"}],"author":[{"embeddable":true,"href":"https:\/\/toutesnosenergies.fr\/index.php\/wp-json\/wp\/v2\/users\/3"}],"replies":[{"embeddable":true,"href":"https:\/\/toutesnosenergies.fr\/index.php\/wp-json\/wp\/v2\/comments?post=1545"}],"version-history":[{"count":3,"href":"https:\/\/toutesnosenergies.fr\/index.php\/wp-json\/wp\/v2\/pages\/1545\/revisions"}],"predecessor-version":[{"id":1550,"href":"https:\/\/toutesnosenergies.fr\/index.php\/wp-json\/wp\/v2\/pages\/1545\/revisions\/1550"}],"wp:attachment":[{"href":"https:\/\/toutesnosenergies.fr\/index.php\/wp-json\/wp\/v2\/media?parent=1545"}],"curies":[{"name":"wp","href":"https:\/\/api.w.org\/{rel}","templated":true}]}}