{"id":1685,"date":"2018-10-15T17:53:00","date_gmt":"2018-10-15T15:53:00","guid":{"rendered":"http:\/\/toutesnosenergies.fr\/?page_id=1685"},"modified":"2019-03-28T14:16:36","modified_gmt":"2019-03-28T13:16:36","slug":"le-parlement-montagne","status":"publish","type":"page","link":"https:\/\/toutesnosenergies.fr\/index.php\/le-parlement-montagne\/","title":{"rendered":"Le Parlement Montagne"},"content":{"rendered":"<h3><\/h3>\n<p><strong><a href=\"http:\/\/toutesnosenergies.fr\/wp-content\/uploads\/2019\/03\/courrier-\u00e0-la-direction-de-projet-PdlM_26-mars-2019.pdf\">Une lettre \u00e0\u00a0Madame Fran\u00e7oise TRANAIN<\/a> Directrice du projet Parlement de la Montagne :<\/strong><\/p>\n<p>Lors de la r\u00e9union \u00e0 Nant le 14 novembre dernier, il a \u00e9t\u00e9 adopt\u00e9 par le groupe projet \u00ab Acceptabilit\u00e9 des EnR \u00bb un pr\u00e9ambule qui pose des principes clairs : en particulier l\u2019id\u00e9e que <em>le territoire doit \u00eatre int\u00e9gr\u00e9 et respect\u00e9 comme un maillon essentiel de tout projet de d\u00e9veloppement des \u00e9nergies renouvelables.<\/em><\/p>\n<p>A cette occasion, a \u00e9galement \u00e9t\u00e9 act\u00e9e la n\u00e9cessit\u00e9 de cr\u00e9er un outil de r\u00e9gulation. Le compte-rendu figurant sur le site du Parlement de la Montagne mentionne un <strong><em>guide de la gestion durable du territoire <\/em><\/strong><em>\u00e9labor\u00e9 \u00e0 l\u2019\u00e9chelle r\u00e9gionale comportant des recommandations\u2026<\/em><\/p>\n<p>C\u2019est sur ces bases que nous vous demandons de soumettre le 15 avril prochain \u00e0 l\u2019approbation du Parlement de la Montagne<a href=\"http:\/\/toutesnosenergies.fr\/wp-content\/uploads\/2019\/03\/Guide-gestion-durable-Parlement-de-la-Montagne_contribution-26-mars-2019.pdf\"> le texte ci-joint, comme contribution de notre groupe projet<\/a> \u00e0 l\u2019\u00e9laboration de ce \u00ab<strong> guide de la gestion durable du territoire<\/strong> \u00bb.<\/p>\n<hr \/>\n<h3><strong>Le 14 novembre \u00e0 Nant (12) se r\u00e9unissaient les groupes projets.<\/strong><\/h3>\n<p>La journ\u00e9e de travail a commenc\u00e9 par une <a href=\"http:\/\/toutesnosenergies.fr\/wp-content\/uploads\/2018\/11\/scan115.pdf\">intervention<\/a> \u00a0de l\u2019AMASSADA que nos amis ont beaucoup appr\u00e9ci\u00e9e !<\/p>\n<p>Bravo l&rsquo;Amassada !<\/p>\n<p>Votre pr\u00e9sence \u00e0 Nant a \u00e9t\u00e9 non seulement remarqu\u00e9e (entre autre par les 8 ou 10 gendarmes mobilis\u00e9s pour l&rsquo;occasion !) mais remarquable (qu&rsquo;en fera FR3 ?). A part une ou deux r\u00e9flexions votre intervention a \u00e9t\u00e9 \u00e9cout\u00e9e. Elle \u00e9tait claire, sans agressivit\u00e9, posant bien les questions\u00a0 de l&rsquo;imposture de l&rsquo;\u00e9olien industriel, de la soi disant transition \u00e9nerg\u00e9tique et du r\u00f4le des notables locaux. Celui que vous visiez plus particuli\u00e8rement nous a confi\u00e9 qu&rsquo;il en voulait surtout aux m\u00e9dias : \u00ab\u00a0ils s&rsquo;int\u00e9ressent un peu trop \u00e0 ces individus&#8230;\u00a0\u00bb et un peu \u00e0 vous, se montrant bon prince : \u00ab\u00a0j&rsquo;ai dit qu&rsquo;il fallait les laisser entrer et parler, je leur ai m\u00eame propos\u00e9 de venir assister \u00e0 nos travaux\u00a0\u00bb. Les travaux en question se sont bien pass\u00e9, sans trop d&rsquo;illusion sur les suites qui leur seront donn\u00e9es. Diverses interventions ont permis de rappeler quelques r\u00e8gles de fonctionnement d&rsquo;une commission et d&rsquo;abord la n\u00e9cessit\u00e9 de rapporter les propositions des participants. Elles ont surtout servi \u00e0 rappeler quelques principes :\u00a0 respecter la plan\u00e8te plut\u00f4t que chercher \u00e0 l\u2019exploiter syst\u00e9matiquement, droit d&rsquo;intervention des citoyens dans les d\u00e9cisions qui concernent leur environnement, enfin priorit\u00e9 \u00e0 l&rsquo;int\u00e9r\u00eat collectif plut\u00f4t qu&rsquo;\u00e0 l&rsquo;int\u00e9r\u00eat financier&#8230; On verra comment cela sera transcrit dans le rapport final ; l&rsquo;important c&rsquo;est que \u00e7a a \u00e9t\u00e9 dit et valid\u00e9 par le groupe ! On fait l\u00e0 un modeste boulot de \u00ab\u00a0colibri\u00a0\u00bb en essayant de verser nos gouttes d&rsquo;eau sur l\u2019incendie.<\/p>\n<p>Nous vous tiendrons au courant du contenu des travaux. En particulier les \u00e9chos de la r\u00e9union pl\u00e9ni\u00e8re le 29 novembre \u00e0 Saint Girons.<\/p>\n<hr \/>\n<h3><strong>Le Parlement Montagne<\/strong><\/h3>\n<p>La pr\u00e9sidente de la r\u00e9gion Occitanie, Carole Delga a mis en place le Parlement Montagne une instance qui a pour objectif d\u2019aborder les probl\u00e8mes sp\u00e9cifiques aux deux massifs montagneux que sont les Pyr\u00e9n\u00e9es et le Massif Central.<\/p>\n<p>Plusieurs de nos amis participent aux travaux de ce\u00a0\u00ab\u00a0Parlement\u00a0\u00bb, dans plusieurs groupes projet (en particulier celui consacr\u00e9 aux \u00e9nergies renouvelables). Leur pr\u00e9occupation principale est de faire entendre le point de vue des citoyens.<\/p>\n<p>Voici le<a href=\"http:\/\/toutesnosenergies.fr\/wp-content\/uploads\/2018\/10\/CR-parlement-montagne-181008.pdf\"> compte-rendu de la s\u00e9ance pl\u00e9ni\u00e8re du 8 octobre<\/a> \u00e0 Lod\u00e8ve. Ce compte-rendu sera compl\u00e9t\u00e9 par les diff\u00e9rents participants.<\/p>\n","protected":false},"excerpt":{"rendered":"<p>Une lettre \u00e0\u00a0Madame Fran\u00e7oise TRANAIN Directrice du projet Parlement de la Montagne : Lors de la r\u00e9union \u00e0 Nant le 14 novembre dernier, il a \u00e9t\u00e9 adopt\u00e9 par le groupe projet \u00ab Acceptabilit\u00e9 des EnR \u00bb un pr\u00e9ambule qui pose des principes clairs : en particulier l\u2019id\u00e9e que le territoire doit \u00eatre int\u00e9gr\u00e9 et respect\u00e9 &#8230; <a title=\"Le Parlement Montagne\" class=\"read-more\" href=\"https:\/\/toutesnosenergies.fr\/index.php\/le-parlement-montagne\/\" aria-label=\"Plus sur Le Parlement Montagne\">Lire plus<\/a><\/p>\n","protected":false},"author":3,"featured_media":0,"parent":0,"menu_order":0,"comment_status":"closed","ping_status":"closed","template":"","meta":{"_cbd_carousel_blocks":"[]","sfsi_plus_gutenberg_text_before_share":"","sfsi_plus_gutenberg_show_text_before_share":"","sfsi_plus_gutenberg_icon_type":"","sfsi_plus_gutenberg_icon_alignemt":"","sfsi_plus_gutenburg_max_per_row":"","footnotes":""},"class_list":["post-1685","page","type-page","status-publish"],"yoast_head":"<!-- This site is optimized with the Yoast SEO plugin v27.4 - https:\/\/yoast.com\/product\/yoast-seo-wordpress\/ -->\n<title>Le Parlement Montagne - Toutes Nos \u00c9nergies \u2013 Occitanie Environnement<\/title>\n<meta name=\"robots\" content=\"index, follow, max-snippet:-1, max-image-preview:large, max-video-preview:-1\" \/>\n<link rel=\"canonical\" href=\"https:\/\/toutesnosenergies.fr\/index.php\/le-parlement-montagne\/\" \/>\n<meta property=\"og:locale\" content=\"fr_FR\" \/>\n<meta property=\"og:type\" content=\"article\" \/>\n<meta property=\"og:title\" content=\"Le Parlement Montagne - Toutes Nos \u00c9nergies \u2013 Occitanie Environnement\" \/>\n<meta property=\"og:description\" content=\"Une lettre \u00e0\u00a0Madame Fran\u00e7oise TRANAIN Directrice du projet Parlement de la Montagne : Lors de la r\u00e9union \u00e0 Nant le 14 novembre dernier, il a \u00e9t\u00e9 adopt\u00e9 par le groupe projet \u00ab Acceptabilit\u00e9 des EnR \u00bb un pr\u00e9ambule qui pose des principes clairs : en particulier l\u2019id\u00e9e que le territoire doit \u00eatre int\u00e9gr\u00e9 et respect\u00e9 ... Lire plus\" \/>\n<meta property=\"og:url\" content=\"https:\/\/toutesnosenergies.fr\/index.php\/le-parlement-montagne\/\" \/>\n<meta property=\"og:site_name\" content=\"Toutes Nos \u00c9nergies \u2013 Occitanie Environnement\" \/>\n<meta property=\"article:publisher\" content=\"https:\/\/www.facebook.com\/TNEtoutesnosenergiesOccitanieEnvironnement\" \/>\n<meta property=\"article:modified_time\" content=\"2019-03-28T13:16:36+00:00\" \/>\n<meta name=\"twitter:card\" content=\"summary_large_image\" \/>\n<meta name=\"twitter:label1\" content=\"Dur\u00e9e de lecture estim\u00e9e\" \/>\n\t<meta name=\"twitter:data1\" content=\"3 minutes\" \/>\n<script type=\"application\/ld+json\" class=\"yoast-schema-graph\">{\"@context\":\"https:\\\/\\\/schema.org\",\"@graph\":[{\"@type\":\"WebPage\",\"@id\":\"https:\\\/\\\/toutesnosenergies.fr\\\/index.php\\\/le-parlement-montagne\\\/\",\"url\":\"https:\\\/\\\/toutesnosenergies.fr\\\/index.php\\\/le-parlement-montagne\\\/\",\"name\":\"Le Parlement Montagne - Toutes Nos \u00c9nergies \u2013 Occitanie Environnement\",\"isPartOf\":{\"@id\":\"https:\\\/\\\/toutesnosenergies.fr\\\/#website\"},\"datePublished\":\"2018-10-15T15:53:00+00:00\",\"dateModified\":\"2019-03-28T13:16:36+00:00\",\"breadcrumb\":{\"@id\":\"https:\\\/\\\/toutesnosenergies.fr\\\/index.php\\\/le-parlement-montagne\\\/#breadcrumb\"},\"inLanguage\":\"fr-FR\",\"potentialAction\":[{\"@type\":\"ReadAction\",\"target\":[\"https:\\\/\\\/toutesnosenergies.fr\\\/index.php\\\/le-parlement-montagne\\\/\"]}]},{\"@type\":\"BreadcrumbList\",\"@id\":\"https:\\\/\\\/toutesnosenergies.fr\\\/index.php\\\/le-parlement-montagne\\\/#breadcrumb\",\"itemListElement\":[{\"@type\":\"ListItem\",\"position\":1,\"name\":\"Accueil\",\"item\":\"https:\\\/\\\/toutesnosenergies.fr\\\/\"},{\"@type\":\"ListItem\",\"position\":2,\"name\":\"Le Parlement Montagne\"}]},{\"@type\":\"WebSite\",\"@id\":\"https:\\\/\\\/toutesnosenergies.fr\\\/#website\",\"url\":\"https:\\\/\\\/toutesnosenergies.fr\\\/\",\"name\":\"Toutes Nos \u00c9nergies \u2013 Occitanie Environnement\",\"description\":\"Pour une \u00e9nergie respectueuse du vivant et des territoires ruraux en Occitanie\",\"publisher\":{\"@id\":\"https:\\\/\\\/toutesnosenergies.fr\\\/#organization\"},\"potentialAction\":[{\"@type\":\"SearchAction\",\"target\":{\"@type\":\"EntryPoint\",\"urlTemplate\":\"https:\\\/\\\/toutesnosenergies.fr\\\/?s={search_term_string}\"},\"query-input\":{\"@type\":\"PropertyValueSpecification\",\"valueRequired\":true,\"valueName\":\"search_term_string\"}}],\"inLanguage\":\"fr-FR\"},{\"@type\":\"Organization\",\"@id\":\"https:\\\/\\\/toutesnosenergies.fr\\\/#organization\",\"name\":\"Toutes Nos \u00c9nergies \u2013 Occitanie Environnement\",\"url\":\"https:\\\/\\\/toutesnosenergies.fr\\\/\",\"logo\":{\"@type\":\"ImageObject\",\"inLanguage\":\"fr-FR\",\"@id\":\"https:\\\/\\\/toutesnosenergies.fr\\\/#\\\/schema\\\/logo\\\/image\\\/\",\"url\":\"https:\\\/\\\/toutesnosenergies.fr\\\/wp-content\\\/uploads\\\/2023\\\/01\\\/Petit-logo.png\",\"contentUrl\":\"https:\\\/\\\/toutesnosenergies.fr\\\/wp-content\\\/uploads\\\/2023\\\/01\\\/Petit-logo.png\",\"width\":360,\"height\":102,\"caption\":\"Toutes Nos \u00c9nergies \u2013 Occitanie Environnement\"},\"image\":{\"@id\":\"https:\\\/\\\/toutesnosenergies.fr\\\/#\\\/schema\\\/logo\\\/image\\\/\"},\"sameAs\":[\"https:\\\/\\\/www.facebook.com\\\/TNEtoutesnosenergiesOccitanieEnvironnement\"]}]}<\/script>\n<!-- \/ Yoast SEO plugin. -->","yoast_head_json":{"title":"Le Parlement Montagne - Toutes Nos \u00c9nergies \u2013 Occitanie Environnement","robots":{"index":"index","follow":"follow","max-snippet":"max-snippet:-1","max-image-preview":"max-image-preview:large","max-video-preview":"max-video-preview:-1"},"canonical":"https:\/\/toutesnosenergies.fr\/index.php\/le-parlement-montagne\/","og_locale":"fr_FR","og_type":"article","og_title":"Le Parlement Montagne - Toutes Nos \u00c9nergies \u2013 Occitanie Environnement","og_description":"Une lettre \u00e0\u00a0Madame Fran\u00e7oise TRANAIN Directrice du projet Parlement de la Montagne : Lors de la r\u00e9union \u00e0 Nant le 14 novembre dernier, il a \u00e9t\u00e9 adopt\u00e9 par le groupe projet \u00ab Acceptabilit\u00e9 des EnR \u00bb un pr\u00e9ambule qui pose des principes clairs : en particulier l\u2019id\u00e9e que le territoire doit \u00eatre int\u00e9gr\u00e9 et respect\u00e9 ... Lire plus","og_url":"https:\/\/toutesnosenergies.fr\/index.php\/le-parlement-montagne\/","og_site_name":"Toutes Nos \u00c9nergies \u2013 Occitanie Environnement","article_publisher":"https:\/\/www.facebook.com\/TNEtoutesnosenergiesOccitanieEnvironnement","article_modified_time":"2019-03-28T13:16:36+00:00","twitter_card":"summary_large_image","twitter_misc":{"Dur\u00e9e de lecture estim\u00e9e":"3 minutes"},"schema":{"@context":"https:\/\/schema.org","@graph":[{"@type":"WebPage","@id":"https:\/\/toutesnosenergies.fr\/index.php\/le-parlement-montagne\/","url":"https:\/\/toutesnosenergies.fr\/index.php\/le-parlement-montagne\/","name":"Le Parlement Montagne - Toutes Nos \u00c9nergies \u2013 Occitanie Environnement","isPartOf":{"@id":"https:\/\/toutesnosenergies.fr\/#website"},"datePublished":"2018-10-15T15:53:00+00:00","dateModified":"2019-03-28T13:16:36+00:00","breadcrumb":{"@id":"https:\/\/toutesnosenergies.fr\/index.php\/le-parlement-montagne\/#breadcrumb"},"inLanguage":"fr-FR","potentialAction":[{"@type":"ReadAction","target":["https:\/\/toutesnosenergies.fr\/index.php\/le-parlement-montagne\/"]}]},{"@type":"BreadcrumbList","@id":"https:\/\/toutesnosenergies.fr\/index.php\/le-parlement-montagne\/#breadcrumb","itemListElement":[{"@type":"ListItem","position":1,"name":"Accueil","item":"https:\/\/toutesnosenergies.fr\/"},{"@type":"ListItem","position":2,"name":"Le Parlement Montagne"}]},{"@type":"WebSite","@id":"https:\/\/toutesnosenergies.fr\/#website","url":"https:\/\/toutesnosenergies.fr\/","name":"Toutes Nos \u00c9nergies \u2013 Occitanie Environnement","description":"Pour une \u00e9nergie respectueuse du vivant et des territoires ruraux en Occitanie","publisher":{"@id":"https:\/\/toutesnosenergies.fr\/#organization"},"potentialAction":[{"@type":"SearchAction","target":{"@type":"EntryPoint","urlTemplate":"https:\/\/toutesnosenergies.fr\/?s={search_term_string}"},"query-input":{"@type":"PropertyValueSpecification","valueRequired":true,"valueName":"search_term_string"}}],"inLanguage":"fr-FR"},{"@type":"Organization","@id":"https:\/\/toutesnosenergies.fr\/#organization","name":"Toutes Nos \u00c9nergies \u2013 Occitanie Environnement","url":"https:\/\/toutesnosenergies.fr\/","logo":{"@type":"ImageObject","inLanguage":"fr-FR","@id":"https:\/\/toutesnosenergies.fr\/#\/schema\/logo\/image\/","url":"https:\/\/toutesnosenergies.fr\/wp-content\/uploads\/2023\/01\/Petit-logo.png","contentUrl":"https:\/\/toutesnosenergies.fr\/wp-content\/uploads\/2023\/01\/Petit-logo.png","width":360,"height":102,"caption":"Toutes Nos \u00c9nergies \u2013 Occitanie Environnement"},"image":{"@id":"https:\/\/toutesnosenergies.fr\/#\/schema\/logo\/image\/"},"sameAs":["https:\/\/www.facebook.com\/TNEtoutesnosenergiesOccitanieEnvironnement"]}]}},"_links":{"self":[{"href":"https:\/\/toutesnosenergies.fr\/index.php\/wp-json\/wp\/v2\/pages\/1685","targetHints":{"allow":["GET"]}}],"collection":[{"href":"https:\/\/toutesnosenergies.fr\/index.php\/wp-json\/wp\/v2\/pages"}],"about":[{"href":"https:\/\/toutesnosenergies.fr\/index.php\/wp-json\/wp\/v2\/types\/page"}],"author":[{"embeddable":true,"href":"https:\/\/toutesnosenergies.fr\/index.php\/wp-json\/wp\/v2\/users\/3"}],"replies":[{"embeddable":true,"href":"https:\/\/toutesnosenergies.fr\/index.php\/wp-json\/wp\/v2\/comments?post=1685"}],"version-history":[{"count":17,"href":"https:\/\/toutesnosenergies.fr\/index.php\/wp-json\/wp\/v2\/pages\/1685\/revisions"}],"predecessor-version":[{"id":2400,"href":"https:\/\/toutesnosenergies.fr\/index.php\/wp-json\/wp\/v2\/pages\/1685\/revisions\/2400"}],"wp:attachment":[{"href":"https:\/\/toutesnosenergies.fr\/index.php\/wp-json\/wp\/v2\/media?parent=1685"}],"curies":[{"name":"wp","href":"https:\/\/api.w.org\/{rel}","templated":true}]}}