{"id":2173,"date":"2019-03-18T14:29:48","date_gmt":"2019-03-18T13:29:48","guid":{"rendered":"http:\/\/toutesnosenergies.fr\/?page_id=2173"},"modified":"2019-03-18T15:05:48","modified_gmt":"2019-03-18T14:05:48","slug":"sante-2","status":"publish","type":"page","link":"https:\/\/toutesnosenergies.fr\/index.php\/sante-2\/","title":{"rendered":"Sant\u00e9"},"content":{"rendered":"<ul>\n<li><a href=\"http:\/\/toutesnosenergies.fr\/wp-content\/uploads\/2018\/02\/Sant\u00e9-et-\u00e9olien-BL-juillet-2017.doc\">Le point sur le<\/a> rapport de l&rsquo;<strong>ANSES<\/strong> (Agence nationale de s\u00e9curit\u00e9 sanitaire de l\u2019alimentation, de l\u2019environnement et du travail) du 30 mars 2017\u00a0\u00a0et sur celui de l&rsquo;<strong>Acad\u00e9mie de M\u00e9decine\u00a0<\/strong>du 9 mai 2017.<\/li>\n<li><a href=\"http:\/\/toutesnosenergies.fr\/wp-content\/uploads\/2017\/06\/bruit-des-\u00e9oliennes-infrasons-et-sant\u00e92.pdf\">Document TNE\/OE sur le bruit et les infrasons \u00e9mis par les \u00e9oliennes<\/a><\/li>\n<li>R\u00e9sum\u00e9 du rapport ANSES :<\/li>\n<\/ul>\n<p>EVALUATION DES EFFETS SANITAIRES DES BASSES FR\u00c9QUENCES SONORES ET INFRASONS DUS AUX PARCS \u00c9OLIENS &#8211; AVIS DE L\u2019ANSES<\/p>\n<p>Rapport d\u2019expertise collective Mars 2017<\/p>\n<p><em>Le pr\u00e9sent r\u00e9sum\u00e9 reprend quelques points importants \u00e0 retenir sur les 283 pages du rapport de l&rsquo;ANSES et cite des phrases tir\u00e9es int\u00e9gralement de ce rapport.<\/em><\/p>\n<p>L\u2019ANSES a \u00e9t\u00e9 saisie le 4 juillet 2013 par la Direction g\u00e9n\u00e9rale de la pr\u00e9vention des risques (DGPR) et la Direction g\u00e9n\u00e9rale de la sant\u00e9 (DGS) pour la r\u00e9alisation de l\u2019expertise suivante : \u00e9valuation des effets sanitaires des basses fr\u00e9quences sonores et infrasons dus aux parcs \u00e9oliens.<\/p>\n<p>Le rapport comporte une importante documentation sur le contexte actuel de l&rsquo;\u00e9olien. On y trouve notamment les constats suivants, en rapport avec la sant\u00e9 humaine,\u00a0concernant le d\u00e9veloppement actuel de l&rsquo;\u00e9olien en France :<\/p>\n<ul>\n<li><strong>l\u2019impact sur le bien \u00eatre des riverains n\u2019est pas pris en consid\u00e9ration<\/strong>,<\/li>\n<li><strong>les mod\u00e8les d&rsquo;ing\u00e9nierie utilis\u00e9s dans les \u00e9tudes d\u2019impact pour pr\u00e9voir le bruit des \u00e9oliennes ne sont ni adapt\u00e9s, ni normalis\u00e9s et font appara\u00eetre de fortes divergences entre eux<\/strong>,<\/li>\n<li><strong>la r\u00e9glementation des sons \u00e9mis par les \u00e9oliennes est \u00e0 priori peu adapt\u00e9 aux infrasons et basses fr\u00e9quences sonores<\/strong>,<\/li>\n<li><strong>aucune \u00e9tude \u00e9pid\u00e9miologique ne s\u2019est int\u00e9ress\u00e9e \u00e0 ce jour aux effets sur la sant\u00e9 des infrasons et basses fr\u00e9quences sonores produits par les \u00e9oliennes,<\/strong><\/li>\n<li><strong><em>des situations de r\u00e9els mal-\u00eatre sont rencontr\u00e9es, des effets de sant\u00e9 sont d\u00e9clar\u00e9s par des riverains \u00e0 proximit\u00e9 des \u00e9oliennes,quelques fois constat\u00e9s m\u00e9dicalement<\/em><\/strong><em>.<\/em><\/li>\n<\/ul>\n<p>L&rsquo;ANSES rappelle la r\u00e9glementation fran\u00e7aise relative aux \u00e9oliennes\u00a0:<\/p>\n<ul>\n<li>distance minimale d\u2019implantation des \u00e9oliennes de 500 m\u00e8tres au-del\u00e0 de toute habitation mais doit \u00eatre<strong> \u00e9valu\u00e9e au cas par cas, en tenant compte des sp\u00e9cificit\u00e9s des parcs. Elle peut \u00eatre \u00e9tendue, \u00e0 l\u2019issue de la r\u00e9alisation d\u2019une \u00e9tude d\u2019impact, afin de respecter les valeurs limites d\u2019exposition au bruit.<\/strong><\/li>\n<li>seules les bandes d\u2019octave de 125 \u00e0 4 000 Hz sont actuellement mesur\u00e9es. <strong>Les tr\u00e8s basses fr\u00e9quences et les infrasons, plus difficiles \u00e0 mesurer, ne sont actuellement pas pris en compte<\/strong>.<\/li>\n<\/ul>\n<p>L&rsquo;ANSES cite le projet de norme concernant la mesure des infrasons pour toutes les sources sonores\u00a0 actuellement en cours de publication par l\u2019Afnor (<em>annonc\u00e9 depuis pr\u00e8s de deux ans et non publi\u00e9 \u00e0 ce jour<\/em>)<\/p>\n<p>Les travaux de l&rsquo;ANSES ont permis d\u2019\u00e9tablir le constat suivant : <strong><u>les \u00e9oliennes sont des sources de bruit dont la part des infrasons et basses fr\u00e9quences sonores pr\u00e9dominent dans le spectre d\u2019\u00e9mission sonore<\/u><\/strong><u>.<\/u> Le rapport rel\u00e8ve la pr\u00e9sence des infrasons \u00e9oliens loin de leurs sources d&rsquo;\u00e9mission (une figure montre leur pr\u00e9sence \u00e0 2,5 km).<\/p>\n<p>A la distance r\u00e9glementaire de 500m, le rapport consid\u00e8re, p 152, que leur niveau d\u00e9passe le seuil de l\u2019audition, plus de 5% du temps au dessus de 5 Hz, moins de 5 % en dessous. Ce qui n\u2019est pas anodin, notamment pour la l\u00e9gislation danoise, ainsi d\u00e9crite p 78 : \u00ab\u00a0<em>Pour les infrasons environnementaux, la\u00a0Danish Environmental\u00a0Protection Agency<\/em>\u00a0<strong><em>(DEPA)recommande que les niveaux d\u2019exposition des citoyens soient\u00a0<u>inf\u00e9rieurs de 10 dB au seuil d\u2019audibilit\u00e9 des infrasons<\/u>.\u00a0\u00bb<\/em><\/strong><\/p>\n<p>D\u2019apr\u00e8s la litt\u00e9rature scientifique, <strong>le niveau sonore de ces composantes spectrales augmente avec la taille du rotor de l\u2019\u00e9olienne\u00a0. Plus la vitesse du vent augmente, plus l\u2019\u00e9mission sonore dans les infrasons et basses fr\u00e9quences augmente<\/strong><\/p>\n<p>Les r\u00e9sultats des mesures de niveaux sonores \u00e0 500 m et 900 m (en fa\u00e7ade des habitations) des parcs \u00e9oliens confirment les tendances observ\u00e9es dans la litt\u00e9rature scientifique pour 2 sites sur les 3 explor\u00e9s. Les signaux infrasons et basses fr\u00e9quences mesur\u00e9s \u00e0 l\u2019int\u00e9rieur des habitations, dans des conditions o\u00f9 les \u00e9oliennes fonctionnaient avec les vitesses de vent les plus \u00e9lev\u00e9es (sup\u00e9rieures \u00e0 6 m\/s) rencontr\u00e9es au cours des mesures, sont inf\u00e9rieurs au seuil d\u2019audibilit\u00e9 (<em>on reviendra sur cette question du seuil d&rsquo;audibilit\u00e9 \u00e0 propos du syst\u00e8me cochl\u00e9o-vestibulaire <\/em>)<\/p>\n<p><strong>EFFETS SUR LA SANT\u00c9<\/strong>\u00a0: Un examen des donn\u00e9es disponibles concernant les effets sanitaires des infrasons montre clairement l\u2019existence d\u2019<strong>une forte controverse publique sur cette th\u00e9matique. <\/strong><\/p>\n<p>L&rsquo;ANSES n&rsquo;en retient que deux informations\u00a0:<\/p>\n<p><strong>&#8211; Le syndrome \u00e9olien <\/strong>(WTS) d\u00e9crit dans la litt\u00e9rature (Pierpont 2009) comme un ensemble de sympt\u00f4mes rapport\u00e9s par des riverains de parcs \u00e9oliens et dont ils attribuent eux-m\u00eames la cause aux \u00e9oliennes. Ces sympt\u00f4mes (troubles du sommeil, maux de t\u00eate, acouph\u00e8nes, troubles de l\u2019\u00e9quilibre, etc.) ne sont pas sp\u00e9cifiques d\u2019une pathologie. Ils sont notamment retrouv\u00e9s dans les syndromes d\u2019intol\u00e9rance environnementale idiopathique, pouvant \u00eatre cons\u00e9cutives \u00e0 un stress, \u00e0 la perte de sommeil, qui peuvent devenir handicapantes pour le sujet qui les ressent.<\/p>\n<p>&#8211; <strong>Un effet nocebo<\/strong> constat\u00e9 par plusieurs \u00e9tudes exp\u00e9rimentales, de tr\u00e8s bonne qualit\u00e9 scientifique : existence d\u2019effets et de ressentis n\u00e9gatifs chez des personnes pensant \u00eatre expos\u00e9es \u00e0 des infrasons inaudibles alors qu\u2019elles ne le sont pas forc\u00e9ment. Cet effet \u00ab nocebo\u00bb, contribue \u00e0 expliquer l\u2019existence de sympt\u00f4mes li\u00e9s au stress chez des riverains de parcs \u00e9oliens. Il doit \u00eatre d\u2019autant plus important dans un contexte \u00e9olien o\u00f9 de multiples arguments d\u2019opposition non exclusivement sanitaires (\u00e9conomiques, culturels, territoriaux, politiques, etc.) circulent, v\u00e9hicul\u00e9s en particulier par Internet et qui peuvent contribuer \u00e0 la cr\u00e9ation d\u2019une situation anxiog\u00e8ne. N\u00e9anmoins,<strong> l\u2019existence d\u2019un tel effet nocebo n\u2019exclut pas de facto l\u2019existence d\u2019effets sanitaires qu\u2019il peut potentiellement exacerber.<\/strong><\/p>\n<p>Une seule des \u00e9tudes analys\u00e9es peut \u00eatre consid\u00e9r\u00e9e comme \u00e9tant de bonne qualit\u00e9 scientifique. Elle ne montre pas d\u2019association entre le niveau de bruit audible d\u00fb aux \u00e9oliennes et les \u00e9tats de sant\u00e9 auto-d\u00e9clar\u00e9s par les r\u00e9pondants mais une association entre ce m\u00eame niveau de bruit audible et <strong>la g\u00eane due \u00e0 certaines caract\u00e9ristiques des \u00e9oliennes (effet stroboscopique, lumi\u00e8res clignotantes, vibrations, effet visuel)<\/strong>.<\/p>\n<p>L&rsquo;ANSES reconna\u00eet qu&rsquo;il existe des <strong>pistes s\u00e9rieuses de m\u00e9canismes d\u2019effets via le syst\u00e8me cochl\u00e9o-vestibulaire qui restent \u00e0 confirmer<\/strong> Les r\u00e9centes connaissances acquises relatives \u00e0 la physiologie du syst\u00e8me cochl\u00e9o-vestibulaire (oreille interne) ont r\u00e9v\u00e9l\u00e9 plusieurs pistes de m\u00e9canismes d\u2019<strong>effets physiologiques li\u00e9s \u00e0 une exposition \u00e0 des infrasons et basses fr\u00e9quences sonores. Ce syst\u00e8me sensoriel dispose en effet d\u2019une sensibilit\u00e9 particuli\u00e8re aux IBF, sup\u00e9rieure \u00e0 celle d&rsquo;autres parties du corps humain<\/strong>.<\/p>\n<p>CONCLUSIONS\u00a0: L\u2019exposition aux infrasons et basses fr\u00e9quences sonores des \u00e9oliennes ne constitue qu\u2019une hypoth\u00e8se d\u2019explication de ces effets, parmi les nombreuses rapport\u00e9es (bruit audible, visuels, stroboscopiques, champ \u00e9lectromagn\u00e9tique, etc.). Mais l&rsquo;ANSES convient qu&rsquo;<strong>aucune \u00e9tude \u00e9pid\u00e9miologique ne s\u2019est int\u00e9ress\u00e9e \u00e0 ce jour aux effets sur la sant\u00e9 des infrasons et basses fr\u00e9quences sonores produits sp\u00e9cifiquement par les \u00e9oliennes<\/strong><\/p>\n<p>RECOMMANDATIONS (<em>on retiendra les suivantes:<\/em>)<\/p>\n<ul>\n<li>transmettre des \u00e9l\u00e9ments d\u2019information pertinents relatifs aux projets de parcs \u00e9oliens au plus t\u00f4t (avant enqu\u00eate publique) aux riverains concern\u00e9s<\/li>\n<li>favoriser les concertations en amont des projets de parcs \u00e9oliens car l&rsquo;enqu\u00eate publique arrive en fin de processus, minimisant ainsi le poids de cette enqu\u00eate dans le processus de d\u00e9cision<\/li>\n<li>mettre en place d\u2019un contr\u00f4le syst\u00e9matique et continu des niveaux sonores, audibles <strong>et dans la gamme des infrasons et basses fr\u00e9quences<\/strong><\/li>\n<li>nommer un interlocuteur privil\u00e9gi\u00e9, charg\u00e9 du suivi de ce contr\u00f4le syst\u00e9matique des expositions et de la r\u00e9ponse aux sollicitations des riverains<\/li>\n<li>r\u00e9aliser un certain nombre d&rsquo;\u00e9tudes compl\u00e9mentaires.<\/li>\n<\/ul>\n<p><em>Commentaire g\u00e9n\u00e9ral\u00a0: ce rapport qui conclue \u00e0 la n\u00e9cessit\u00e9 de ne rien changer \u00e0 la r\u00e9glementation actuelle \u2013 ce qui a lieu de surprendre au regard des constats effectu\u00e9s. Il ouvre n\u00e9anmoins des pistes de r\u00e9flexions int\u00e9ressantes.<\/em><\/p>\n","protected":false},"excerpt":{"rendered":"<p>Le point sur le rapport de l&rsquo;ANSES (Agence nationale de s\u00e9curit\u00e9 sanitaire de l\u2019alimentation, de l\u2019environnement et du travail) du 30 mars 2017\u00a0\u00a0et sur celui de l&rsquo;Acad\u00e9mie de M\u00e9decine\u00a0du 9 mai 2017. Document TNE\/OE sur le bruit et les infrasons \u00e9mis par les \u00e9oliennes R\u00e9sum\u00e9 du rapport ANSES : EVALUATION DES EFFETS SANITAIRES DES BASSES &#8230; <a title=\"Sant\u00e9\" class=\"read-more\" href=\"https:\/\/toutesnosenergies.fr\/index.php\/sante-2\/\" aria-label=\"Plus sur Sant\u00e9\">Lire plus<\/a><\/p>\n","protected":false},"author":3,"featured_media":0,"parent":0,"menu_order":0,"comment_status":"closed","ping_status":"closed","template":"","meta":{"_cbd_carousel_blocks":"[]","sfsi_plus_gutenberg_text_before_share":"","sfsi_plus_gutenberg_show_text_before_share":"","sfsi_plus_gutenberg_icon_type":"","sfsi_plus_gutenberg_icon_alignemt":"","sfsi_plus_gutenburg_max_per_row":"","footnotes":""},"class_list":["post-2173","page","type-page","status-publish"],"yoast_head":"<!-- This site is optimized with the Yoast SEO plugin v27.4 - https:\/\/yoast.com\/product\/yoast-seo-wordpress\/ -->\n<title>Sant\u00e9 - Toutes Nos \u00c9nergies \u2013 Occitanie Environnement<\/title>\n<meta name=\"robots\" content=\"index, follow, max-snippet:-1, max-image-preview:large, max-video-preview:-1\" \/>\n<link rel=\"canonical\" href=\"https:\/\/toutesnosenergies.fr\/index.php\/sante-2\/\" \/>\n<meta property=\"og:locale\" content=\"fr_FR\" \/>\n<meta property=\"og:type\" content=\"article\" \/>\n<meta property=\"og:title\" content=\"Sant\u00e9 - Toutes Nos \u00c9nergies \u2013 Occitanie Environnement\" \/>\n<meta property=\"og:description\" content=\"Le point sur le rapport de l&rsquo;ANSES (Agence nationale de s\u00e9curit\u00e9 sanitaire de l\u2019alimentation, de l\u2019environnement et du travail) du 30 mars 2017\u00a0\u00a0et sur celui de l&rsquo;Acad\u00e9mie de M\u00e9decine\u00a0du 9 mai 2017. Document TNE\/OE sur le bruit et les infrasons \u00e9mis par les \u00e9oliennes R\u00e9sum\u00e9 du rapport ANSES : EVALUATION DES EFFETS SANITAIRES DES BASSES ... Lire plus\" \/>\n<meta property=\"og:url\" content=\"https:\/\/toutesnosenergies.fr\/index.php\/sante-2\/\" \/>\n<meta property=\"og:site_name\" content=\"Toutes Nos \u00c9nergies \u2013 Occitanie Environnement\" \/>\n<meta property=\"article:publisher\" content=\"https:\/\/www.facebook.com\/TNEtoutesnosenergiesOccitanieEnvironnement\" \/>\n<meta property=\"article:modified_time\" content=\"2019-03-18T14:05:48+00:00\" \/>\n<meta name=\"twitter:card\" content=\"summary_large_image\" \/>\n<meta name=\"twitter:label1\" content=\"Dur\u00e9e de lecture estim\u00e9e\" \/>\n\t<meta name=\"twitter:data1\" content=\"7 minutes\" \/>\n<script type=\"application\/ld+json\" class=\"yoast-schema-graph\">{\"@context\":\"https:\\\/\\\/schema.org\",\"@graph\":[{\"@type\":\"WebPage\",\"@id\":\"https:\\\/\\\/toutesnosenergies.fr\\\/index.php\\\/sante-2\\\/\",\"url\":\"https:\\\/\\\/toutesnosenergies.fr\\\/index.php\\\/sante-2\\\/\",\"name\":\"Sant\u00e9 - Toutes Nos \u00c9nergies \u2013 Occitanie Environnement\",\"isPartOf\":{\"@id\":\"https:\\\/\\\/toutesnosenergies.fr\\\/#website\"},\"datePublished\":\"2019-03-18T13:29:48+00:00\",\"dateModified\":\"2019-03-18T14:05:48+00:00\",\"breadcrumb\":{\"@id\":\"https:\\\/\\\/toutesnosenergies.fr\\\/index.php\\\/sante-2\\\/#breadcrumb\"},\"inLanguage\":\"fr-FR\",\"potentialAction\":[{\"@type\":\"ReadAction\",\"target\":[\"https:\\\/\\\/toutesnosenergies.fr\\\/index.php\\\/sante-2\\\/\"]}]},{\"@type\":\"BreadcrumbList\",\"@id\":\"https:\\\/\\\/toutesnosenergies.fr\\\/index.php\\\/sante-2\\\/#breadcrumb\",\"itemListElement\":[{\"@type\":\"ListItem\",\"position\":1,\"name\":\"Accueil\",\"item\":\"https:\\\/\\\/toutesnosenergies.fr\\\/\"},{\"@type\":\"ListItem\",\"position\":2,\"name\":\"Sant\u00e9\"}]},{\"@type\":\"WebSite\",\"@id\":\"https:\\\/\\\/toutesnosenergies.fr\\\/#website\",\"url\":\"https:\\\/\\\/toutesnosenergies.fr\\\/\",\"name\":\"Toutes Nos \u00c9nergies \u2013 Occitanie Environnement\",\"description\":\"Pour une \u00e9nergie respectueuse du vivant et des territoires ruraux en Occitanie\",\"publisher\":{\"@id\":\"https:\\\/\\\/toutesnosenergies.fr\\\/#organization\"},\"potentialAction\":[{\"@type\":\"SearchAction\",\"target\":{\"@type\":\"EntryPoint\",\"urlTemplate\":\"https:\\\/\\\/toutesnosenergies.fr\\\/?s={search_term_string}\"},\"query-input\":{\"@type\":\"PropertyValueSpecification\",\"valueRequired\":true,\"valueName\":\"search_term_string\"}}],\"inLanguage\":\"fr-FR\"},{\"@type\":\"Organization\",\"@id\":\"https:\\\/\\\/toutesnosenergies.fr\\\/#organization\",\"name\":\"Toutes Nos \u00c9nergies \u2013 Occitanie Environnement\",\"url\":\"https:\\\/\\\/toutesnosenergies.fr\\\/\",\"logo\":{\"@type\":\"ImageObject\",\"inLanguage\":\"fr-FR\",\"@id\":\"https:\\\/\\\/toutesnosenergies.fr\\\/#\\\/schema\\\/logo\\\/image\\\/\",\"url\":\"https:\\\/\\\/toutesnosenergies.fr\\\/wp-content\\\/uploads\\\/2023\\\/01\\\/Petit-logo.png\",\"contentUrl\":\"https:\\\/\\\/toutesnosenergies.fr\\\/wp-content\\\/uploads\\\/2023\\\/01\\\/Petit-logo.png\",\"width\":360,\"height\":102,\"caption\":\"Toutes Nos \u00c9nergies \u2013 Occitanie Environnement\"},\"image\":{\"@id\":\"https:\\\/\\\/toutesnosenergies.fr\\\/#\\\/schema\\\/logo\\\/image\\\/\"},\"sameAs\":[\"https:\\\/\\\/www.facebook.com\\\/TNEtoutesnosenergiesOccitanieEnvironnement\"]}]}<\/script>\n<!-- \/ Yoast SEO plugin. -->","yoast_head_json":{"title":"Sant\u00e9 - Toutes Nos \u00c9nergies \u2013 Occitanie Environnement","robots":{"index":"index","follow":"follow","max-snippet":"max-snippet:-1","max-image-preview":"max-image-preview:large","max-video-preview":"max-video-preview:-1"},"canonical":"https:\/\/toutesnosenergies.fr\/index.php\/sante-2\/","og_locale":"fr_FR","og_type":"article","og_title":"Sant\u00e9 - Toutes Nos \u00c9nergies \u2013 Occitanie Environnement","og_description":"Le point sur le rapport de l&rsquo;ANSES (Agence nationale de s\u00e9curit\u00e9 sanitaire de l\u2019alimentation, de l\u2019environnement et du travail) du 30 mars 2017\u00a0\u00a0et sur celui de l&rsquo;Acad\u00e9mie de M\u00e9decine\u00a0du 9 mai 2017. Document TNE\/OE sur le bruit et les infrasons \u00e9mis par les \u00e9oliennes R\u00e9sum\u00e9 du rapport ANSES : EVALUATION DES EFFETS SANITAIRES DES BASSES ... Lire plus","og_url":"https:\/\/toutesnosenergies.fr\/index.php\/sante-2\/","og_site_name":"Toutes Nos \u00c9nergies \u2013 Occitanie Environnement","article_publisher":"https:\/\/www.facebook.com\/TNEtoutesnosenergiesOccitanieEnvironnement","article_modified_time":"2019-03-18T14:05:48+00:00","twitter_card":"summary_large_image","twitter_misc":{"Dur\u00e9e de lecture estim\u00e9e":"7 minutes"},"schema":{"@context":"https:\/\/schema.org","@graph":[{"@type":"WebPage","@id":"https:\/\/toutesnosenergies.fr\/index.php\/sante-2\/","url":"https:\/\/toutesnosenergies.fr\/index.php\/sante-2\/","name":"Sant\u00e9 - Toutes Nos \u00c9nergies \u2013 Occitanie Environnement","isPartOf":{"@id":"https:\/\/toutesnosenergies.fr\/#website"},"datePublished":"2019-03-18T13:29:48+00:00","dateModified":"2019-03-18T14:05:48+00:00","breadcrumb":{"@id":"https:\/\/toutesnosenergies.fr\/index.php\/sante-2\/#breadcrumb"},"inLanguage":"fr-FR","potentialAction":[{"@type":"ReadAction","target":["https:\/\/toutesnosenergies.fr\/index.php\/sante-2\/"]}]},{"@type":"BreadcrumbList","@id":"https:\/\/toutesnosenergies.fr\/index.php\/sante-2\/#breadcrumb","itemListElement":[{"@type":"ListItem","position":1,"name":"Accueil","item":"https:\/\/toutesnosenergies.fr\/"},{"@type":"ListItem","position":2,"name":"Sant\u00e9"}]},{"@type":"WebSite","@id":"https:\/\/toutesnosenergies.fr\/#website","url":"https:\/\/toutesnosenergies.fr\/","name":"Toutes Nos \u00c9nergies \u2013 Occitanie Environnement","description":"Pour une \u00e9nergie respectueuse du vivant et des territoires ruraux en Occitanie","publisher":{"@id":"https:\/\/toutesnosenergies.fr\/#organization"},"potentialAction":[{"@type":"SearchAction","target":{"@type":"EntryPoint","urlTemplate":"https:\/\/toutesnosenergies.fr\/?s={search_term_string}"},"query-input":{"@type":"PropertyValueSpecification","valueRequired":true,"valueName":"search_term_string"}}],"inLanguage":"fr-FR"},{"@type":"Organization","@id":"https:\/\/toutesnosenergies.fr\/#organization","name":"Toutes Nos \u00c9nergies \u2013 Occitanie Environnement","url":"https:\/\/toutesnosenergies.fr\/","logo":{"@type":"ImageObject","inLanguage":"fr-FR","@id":"https:\/\/toutesnosenergies.fr\/#\/schema\/logo\/image\/","url":"https:\/\/toutesnosenergies.fr\/wp-content\/uploads\/2023\/01\/Petit-logo.png","contentUrl":"https:\/\/toutesnosenergies.fr\/wp-content\/uploads\/2023\/01\/Petit-logo.png","width":360,"height":102,"caption":"Toutes Nos \u00c9nergies \u2013 Occitanie Environnement"},"image":{"@id":"https:\/\/toutesnosenergies.fr\/#\/schema\/logo\/image\/"},"sameAs":["https:\/\/www.facebook.com\/TNEtoutesnosenergiesOccitanieEnvironnement"]}]}},"_links":{"self":[{"href":"https:\/\/toutesnosenergies.fr\/index.php\/wp-json\/wp\/v2\/pages\/2173","targetHints":{"allow":["GET"]}}],"collection":[{"href":"https:\/\/toutesnosenergies.fr\/index.php\/wp-json\/wp\/v2\/pages"}],"about":[{"href":"https:\/\/toutesnosenergies.fr\/index.php\/wp-json\/wp\/v2\/types\/page"}],"author":[{"embeddable":true,"href":"https:\/\/toutesnosenergies.fr\/index.php\/wp-json\/wp\/v2\/users\/3"}],"replies":[{"embeddable":true,"href":"https:\/\/toutesnosenergies.fr\/index.php\/wp-json\/wp\/v2\/comments?post=2173"}],"version-history":[{"count":2,"href":"https:\/\/toutesnosenergies.fr\/index.php\/wp-json\/wp\/v2\/pages\/2173\/revisions"}],"predecessor-version":[{"id":2211,"href":"https:\/\/toutesnosenergies.fr\/index.php\/wp-json\/wp\/v2\/pages\/2173\/revisions\/2211"}],"wp:attachment":[{"href":"https:\/\/toutesnosenergies.fr\/index.php\/wp-json\/wp\/v2\/media?parent=2173"}],"curies":[{"name":"wp","href":"https:\/\/api.w.org\/{rel}","templated":true}]}}