{"id":869,"date":"2018-02-08T12:39:28","date_gmt":"2018-02-08T11:39:28","guid":{"rendered":"http:\/\/toutesnosenergies.fr\/?page_id=869"},"modified":"2024-10-29T15:40:46","modified_gmt":"2024-10-29T14:40:46","slug":"divers-points-de-vue","status":"publish","type":"page","link":"https:\/\/toutesnosenergies.fr\/index.php\/divers-points-de-vue\/","title":{"rendered":"Comment r\u00e9agir face \u00e0 un projet d&rsquo;EnR industriel ?"},"content":{"rendered":"\n<h2 class=\"wp-block-heading\">Un <a href=\"https:\/\/toutesnosenergies.fr\/wp-content\/uploads\/2024\/05\/guide-de-la-resistance_mis-a-jour-mai-9-mai.pdf\">guide de r\u00e9sistance<\/a><\/h2>\n\n\n\n<p>Nos luttes se soldent souvent par des victoires dont TNE vous rend r\u00e9guli\u00e8rement compte. Du moins\u00a0lorsque tous les ingr\u00e9dients de celles-ci sont r\u00e9unis\u00a0: la volont\u00e9 dans la dur\u00e9e, la m\u00e9thode, la qualit\u00e9 des avis exprim\u00e9s par les instances consult\u00e9es, et la rigueur des cours de justice administrative.<\/p>\n\n\n\n<p>La m\u00e9thode est donc l&rsquo;une des cl\u00e9s du succ\u00e8s. Elle requiert pour chaque phase de la proc\u00e9dure d&rsquo;en ma\u00eetriser les subtilit\u00e9s techniques&nbsp;et de r\u00e9aliser les actions n\u00e9cessaires pour faire pr\u00e9valoir les meilleurs de vos arguments.<\/p>\n\n\n\n<p class=\"has-background\" style=\"background-color:#98f798\">Le<a href=\"https:\/\/toutesnosenergies.fr\/wp-content\/uploads\/2024\/05\/guide-de-la-resistance_mis-a-jour-mai-9-mai.pdf\">&nbsp;Guide de la r\u00e9sistance<\/a>&nbsp;mis \u00e0 jour que nous mettons \u00e0 votre disposition r\u00e9pond \u00e0 cet objectif, pas \u00e0 pas.&nbsp;Des formations bas\u00e9es sur ce support p\u00e9dagogique sont possibles : contacter&nbsp;<a href=\"mailto:contact@toutesnosenergies.fr\">contact@toutesnosenergies.fr<\/a><\/p>\n\n\n\n<p>L&rsquo;exp\u00e9rience prouve que des militants qui en ma\u00eetrisent les diff\u00e9rentes dimensions r\u00e9ussissent, parce qu&rsquo;ils ont d&#8217;embl\u00e9e la vision globale qui leur permet d&rsquo;agir avec la meilleure efficacit\u00e9 et au meilleur moment.<\/p>\n\n\n\n<h2 class=\"wp-block-heading\">Quelques pr\u00e9cisions sur le<a href=\"https:\/\/toutesnosenergies.fr\/wp-content\/uploads\/2024\/05\/guide-de-la-resistance_mis-a-jour-mai-9-mai.pdf\">\u00a0Guide de la r\u00e9sistance<\/a><\/h2>\n\n\n\n<p>Le <a href=\"https:\/\/toutesnosenergies.fr\/wp-content\/uploads\/2024\/05\/guide-de-la-resistance_mis-a-jour-mai-9-mai.pdf\">\u00a0Guide de la r\u00e9sistance<\/a> de TNE \u2013OE indique en premi\u00e8re page : <em>\u00ab les informations donn\u00e9es ici concernent l\u2019\u00e9olien mais la plupart d\u2019entre elles sont \u00e9galement importantes pour r\u00e9sister \u00e0 d\u2019autres projets d\u2019ENR \u00bb.<br><\/em>Pour ce qui est des proc\u00e9dures contentieuses (Diapo 22), voici quelques particularit\u00e9s concernant la nature des autorisations, m\u00eame si le D\u00e9cret n\u00b0 2024-423 du 10 mai 2024 tend \u00e0 uniformiser les proc\u00e9dures, tout en les compliquant et surtout en restreignant les droits des requ\u00e9rants.<\/p>\n\n\n\n<p><strong>\u00c9OLIEN TERRESTRE <em>&#8211; <\/em><\/strong><em>Articles R 311-5, R 181-50 et suivants du code de justice administrative ( * version applicable \u00e0 compter du 1er septembre 2024 \u2013 D\u00e9cret du 10 mai 2024)<\/em><\/p>\n\n\n\n<ul class=\"wp-block-list\">\n<li><strong>D\u00e9lai de 2 mois * pour d\u00e9poser un recours contentieux devant la Cour Administrative d\u2019Appel<\/strong> qui juge en premier et dernier ressort.<\/li>\n\n\n\n<li>Pourvoi en cassation devant le Conseil d\u2019Etat. N.B : la possibilit\u00e9 de recours gracieux a disparu de l\u2019article R 181-50 <\/li>\n\n\n\n<li>Notification par Lettre Recommand\u00e9e avec AR des recours (gracieux et contentieux) \u00e0 l\u2019auteur et au b\u00e9n\u00e9ficiaire de l\u2019autorisation.<\/li>\n\n\n\n<li>Cristallisation des moyens contentieux : on ne peut plus pr\u00e9senter de moyens nouveaux deux mois apr\u00e8s la r\u00e9ception du premier m\u00e9moire en d\u00e9fense.<\/li>\n<\/ul>\n\n\n\n<p><strong>AUTRES ENR<\/strong>: les installations de m\u00e9thanisation, les centrales photovolta\u00efques, les g\u00eetes g\u00e9othermiques, les installations hydro\u00e9lectriques, les ouvrages de transports d\u2019\u00e9lectricit\u00e9.<br><em>Article <\/em><strong><em>R 311-6 <\/em><\/strong><em>du code de justice administrative qui s\u2019imposent ; ceci quelle que soit la forme de la d\u00e9cision administrative : autorisation environnementale, permis de construire, D\u00e9claration d\u2019Utilit\u00e9 Publique, autorisation \u00ab Destruction Esp\u00e8ces Prot\u00e9g\u00e9es \u00bb&#8230;<\/em><\/p>\n\n\n\n<ul class=\"wp-block-list\">\n<li>D\u00e9lai de recours contentieux de 2 mois devant le TA, Appel possible (sauf installations vis\u00e9es au <strong>III).<\/strong><\/li>\n\n\n\n<li>Un recours gracieux n\u2019interrompt pas le d\u00e9lai de recours contentieux (donc inutile),<\/li>\n\n\n\n<li>Notification par lettre recommand\u00e9e avec AR des recours \u00e0 l\u2019auteur de la d\u00e9cision et au b\u00e9n\u00e9ficiaire, condition en vigueur depuis longtemps pour les autorisations d\u2019urbanisme (article R 600-1 Code U) et qu\u2019il est prudent d\u2019\u00e9tendre aux autres d\u00e9cisions (dans le doute).<\/li>\n\n\n\n<li>\u00ab Cristallisation des moyens contentieux \u00bb : ceci pour les autorisations au titre du code de l\u2019urbanisme (article R 600-5), \u00e0 voir pour les autorisations relevant d\u2019un autre code.<\/li>\n\n\n\n<li>+ D\u00e9lais d\u2019instruction r\u00e9duits \u00e0 10 mois (voir dans le d\u00e9tail l\u2019article R 311-6 ).<\/li>\n<\/ul>\n\n\n\n<p><strong>HYDRAULIQUE AGRICOLE ET INSTALLATIONS CLASS\u00c9ES POUR L\u2019ELEVAGE<\/strong> <br><em>Articles R 811-1- 3 et R 811-1-4 du code de justice administrative ( * \u00e0 compter du 01\/09\/2024).<\/em><\/p>\n\n\n\n<ul class=\"wp-block-list\">\n<li>D\u00e9lai de recours contentieux de 2 mois : Le tribunal administratif juge en premier et dernier ressort, <br>(pour l\u2019hydraulique agricole, le TA de Paris est seul comp\u00e9tent, mais nos associations sont moins concern\u00e9es).<\/li>\n\n\n\n<li><strong>Les autres conditions pr\u00e9vues par l\u2019article R 311- 6 s\u2019appliquent.<\/strong><\/li>\n\n\n\n<li>N.B : Les dispositions de l\u2019article R811-1-4 concernent notamment l\u2019<strong>agrivolta\u00efsme <\/strong>en lien avec l\u2019\u00e9levage eti toutes les constructions et installations affect\u00e9es \u00e0 l\u2019\u00e9levage, en particulier les fermes-usines du type \u00ab mille vaches \u00bb.<\/li>\n<\/ul>\n\n\n\n<p>Vu la complexit\u00e9 des proc\u00e9dures, il est imp\u00e9ratif de se conformer strictement aux dispositions \u00ab voies de recours \u00bb mentionn\u00e9es dans les d\u00e9cisions administratives (cela est rappel\u00e9 dans le Guide).<\/p>\n\n\n\n<p><strong>R\u00e9sum\u00e9 <\/strong>: <\/p>\n\n\n\n<ul class=\"wp-block-list\">\n<li>Le recours gracieux devient inutile (pas d\u2019interruption du d\u00e9lai dans la plupart des cas). &#8211; L\u2019obligation de notification des recours par lettre recommand\u00e9e avec AR est une complication suppl\u00e9mentaire (dont l\u2019application est source de nombreux litiges). <\/li>\n\n\n\n<li>La \u00ab cristallisation des moyens contentieux \u00bb est une nouvelle contrainte.<\/li>\n\n\n\n<li>Les voies d\u2019appel sont supprim\u00e9es pour une grande partie des contentieux.<\/li>\n<\/ul>\n\n\n\n<p>Ces pr\u00e9cisions sont fournies par Gilbert Dargegen (06 83 92 85 88) de l&rsquo;association Avenir d&rsquo;\u00eelet<\/p>\n\n\n\n<p><\/p>\n","protected":false},"excerpt":{"rendered":"<p>Un guide de r\u00e9sistance Nos luttes se soldent souvent par des victoires dont TNE vous rend r\u00e9guli\u00e8rement compte. Du moins\u00a0lorsque tous les ingr\u00e9dients de celles-ci sont r\u00e9unis\u00a0: la volont\u00e9 dans la dur\u00e9e, la m\u00e9thode, la qualit\u00e9 des avis exprim\u00e9s par les instances consult\u00e9es, et la rigueur des cours de justice administrative. La m\u00e9thode est donc &#8230; <a title=\"Comment r\u00e9agir face \u00e0 un projet d&rsquo;EnR industriel ?\" class=\"read-more\" href=\"https:\/\/toutesnosenergies.fr\/index.php\/divers-points-de-vue\/\" aria-label=\"Plus sur Comment r\u00e9agir face \u00e0 un projet d&rsquo;EnR industriel ?\">Lire plus<\/a><\/p>\n","protected":false},"author":3,"featured_media":0,"parent":0,"menu_order":0,"comment_status":"closed","ping_status":"closed","template":"","meta":{"_cbd_carousel_blocks":"[]","sfsi_plus_gutenberg_text_before_share":"","sfsi_plus_gutenberg_show_text_before_share":"","sfsi_plus_gutenberg_icon_type":"","sfsi_plus_gutenberg_icon_alignemt":"","sfsi_plus_gutenburg_max_per_row":"","footnotes":""},"class_list":["post-869","page","type-page","status-publish"],"yoast_head":"<!-- This site is optimized with the Yoast SEO plugin v27.4 - https:\/\/yoast.com\/product\/yoast-seo-wordpress\/ -->\n<title>Comment r\u00e9agir face \u00e0 un projet d&#039;EnR industriel ? - Toutes Nos \u00c9nergies \u2013 Occitanie Environnement<\/title>\n<meta name=\"robots\" content=\"index, follow, max-snippet:-1, max-image-preview:large, max-video-preview:-1\" \/>\n<link rel=\"canonical\" href=\"https:\/\/toutesnosenergies.fr\/index.php\/divers-points-de-vue\/\" \/>\n<meta property=\"og:locale\" content=\"fr_FR\" \/>\n<meta property=\"og:type\" content=\"article\" \/>\n<meta property=\"og:title\" content=\"Comment r\u00e9agir face \u00e0 un projet d&#039;EnR industriel ? - Toutes Nos \u00c9nergies \u2013 Occitanie Environnement\" \/>\n<meta property=\"og:description\" content=\"Un guide de r\u00e9sistance Nos luttes se soldent souvent par des victoires dont TNE vous rend r\u00e9guli\u00e8rement compte. Du moins\u00a0lorsque tous les ingr\u00e9dients de celles-ci sont r\u00e9unis\u00a0: la volont\u00e9 dans la dur\u00e9e, la m\u00e9thode, la qualit\u00e9 des avis exprim\u00e9s par les instances consult\u00e9es, et la rigueur des cours de justice administrative. La m\u00e9thode est donc ... Lire plus\" \/>\n<meta property=\"og:url\" content=\"https:\/\/toutesnosenergies.fr\/index.php\/divers-points-de-vue\/\" \/>\n<meta property=\"og:site_name\" content=\"Toutes Nos \u00c9nergies \u2013 Occitanie Environnement\" \/>\n<meta property=\"article:publisher\" content=\"https:\/\/www.facebook.com\/TNEtoutesnosenergiesOccitanieEnvironnement\" \/>\n<meta property=\"article:modified_time\" content=\"2024-10-29T14:40:46+00:00\" \/>\n<meta name=\"twitter:card\" content=\"summary_large_image\" \/>\n<meta name=\"twitter:label1\" content=\"Dur\u00e9e de lecture estim\u00e9e\" \/>\n\t<meta name=\"twitter:data1\" content=\"4 minutes\" \/>\n<script type=\"application\/ld+json\" class=\"yoast-schema-graph\">{\"@context\":\"https:\\\/\\\/schema.org\",\"@graph\":[{\"@type\":\"WebPage\",\"@id\":\"https:\\\/\\\/toutesnosenergies.fr\\\/index.php\\\/divers-points-de-vue\\\/\",\"url\":\"https:\\\/\\\/toutesnosenergies.fr\\\/index.php\\\/divers-points-de-vue\\\/\",\"name\":\"Comment r\u00e9agir face \u00e0 un projet d'EnR industriel ? - Toutes Nos \u00c9nergies \u2013 Occitanie Environnement\",\"isPartOf\":{\"@id\":\"https:\\\/\\\/toutesnosenergies.fr\\\/#website\"},\"datePublished\":\"2018-02-08T11:39:28+00:00\",\"dateModified\":\"2024-10-29T14:40:46+00:00\",\"breadcrumb\":{\"@id\":\"https:\\\/\\\/toutesnosenergies.fr\\\/index.php\\\/divers-points-de-vue\\\/#breadcrumb\"},\"inLanguage\":\"fr-FR\",\"potentialAction\":[{\"@type\":\"ReadAction\",\"target\":[\"https:\\\/\\\/toutesnosenergies.fr\\\/index.php\\\/divers-points-de-vue\\\/\"]}]},{\"@type\":\"BreadcrumbList\",\"@id\":\"https:\\\/\\\/toutesnosenergies.fr\\\/index.php\\\/divers-points-de-vue\\\/#breadcrumb\",\"itemListElement\":[{\"@type\":\"ListItem\",\"position\":1,\"name\":\"Accueil\",\"item\":\"https:\\\/\\\/toutesnosenergies.fr\\\/\"},{\"@type\":\"ListItem\",\"position\":2,\"name\":\"Comment r\u00e9agir face \u00e0 un projet d&rsquo;EnR industriel ?\"}]},{\"@type\":\"WebSite\",\"@id\":\"https:\\\/\\\/toutesnosenergies.fr\\\/#website\",\"url\":\"https:\\\/\\\/toutesnosenergies.fr\\\/\",\"name\":\"Toutes Nos \u00c9nergies \u2013 Occitanie Environnement\",\"description\":\"Pour une \u00e9nergie respectueuse du vivant et des territoires ruraux en Occitanie\",\"publisher\":{\"@id\":\"https:\\\/\\\/toutesnosenergies.fr\\\/#organization\"},\"potentialAction\":[{\"@type\":\"SearchAction\",\"target\":{\"@type\":\"EntryPoint\",\"urlTemplate\":\"https:\\\/\\\/toutesnosenergies.fr\\\/?s={search_term_string}\"},\"query-input\":{\"@type\":\"PropertyValueSpecification\",\"valueRequired\":true,\"valueName\":\"search_term_string\"}}],\"inLanguage\":\"fr-FR\"},{\"@type\":\"Organization\",\"@id\":\"https:\\\/\\\/toutesnosenergies.fr\\\/#organization\",\"name\":\"Toutes Nos \u00c9nergies \u2013 Occitanie Environnement\",\"url\":\"https:\\\/\\\/toutesnosenergies.fr\\\/\",\"logo\":{\"@type\":\"ImageObject\",\"inLanguage\":\"fr-FR\",\"@id\":\"https:\\\/\\\/toutesnosenergies.fr\\\/#\\\/schema\\\/logo\\\/image\\\/\",\"url\":\"https:\\\/\\\/toutesnosenergies.fr\\\/wp-content\\\/uploads\\\/2023\\\/01\\\/Petit-logo.png\",\"contentUrl\":\"https:\\\/\\\/toutesnosenergies.fr\\\/wp-content\\\/uploads\\\/2023\\\/01\\\/Petit-logo.png\",\"width\":360,\"height\":102,\"caption\":\"Toutes Nos \u00c9nergies \u2013 Occitanie Environnement\"},\"image\":{\"@id\":\"https:\\\/\\\/toutesnosenergies.fr\\\/#\\\/schema\\\/logo\\\/image\\\/\"},\"sameAs\":[\"https:\\\/\\\/www.facebook.com\\\/TNEtoutesnosenergiesOccitanieEnvironnement\"]}]}<\/script>\n<!-- \/ Yoast SEO plugin. -->","yoast_head_json":{"title":"Comment r\u00e9agir face \u00e0 un projet d'EnR industriel ? - Toutes Nos \u00c9nergies \u2013 Occitanie Environnement","robots":{"index":"index","follow":"follow","max-snippet":"max-snippet:-1","max-image-preview":"max-image-preview:large","max-video-preview":"max-video-preview:-1"},"canonical":"https:\/\/toutesnosenergies.fr\/index.php\/divers-points-de-vue\/","og_locale":"fr_FR","og_type":"article","og_title":"Comment r\u00e9agir face \u00e0 un projet d'EnR industriel ? - Toutes Nos \u00c9nergies \u2013 Occitanie Environnement","og_description":"Un guide de r\u00e9sistance Nos luttes se soldent souvent par des victoires dont TNE vous rend r\u00e9guli\u00e8rement compte. Du moins\u00a0lorsque tous les ingr\u00e9dients de celles-ci sont r\u00e9unis\u00a0: la volont\u00e9 dans la dur\u00e9e, la m\u00e9thode, la qualit\u00e9 des avis exprim\u00e9s par les instances consult\u00e9es, et la rigueur des cours de justice administrative. La m\u00e9thode est donc ... Lire plus","og_url":"https:\/\/toutesnosenergies.fr\/index.php\/divers-points-de-vue\/","og_site_name":"Toutes Nos \u00c9nergies \u2013 Occitanie Environnement","article_publisher":"https:\/\/www.facebook.com\/TNEtoutesnosenergiesOccitanieEnvironnement","article_modified_time":"2024-10-29T14:40:46+00:00","twitter_card":"summary_large_image","twitter_misc":{"Dur\u00e9e de lecture estim\u00e9e":"4 minutes"},"schema":{"@context":"https:\/\/schema.org","@graph":[{"@type":"WebPage","@id":"https:\/\/toutesnosenergies.fr\/index.php\/divers-points-de-vue\/","url":"https:\/\/toutesnosenergies.fr\/index.php\/divers-points-de-vue\/","name":"Comment r\u00e9agir face \u00e0 un projet d'EnR industriel ? - Toutes Nos \u00c9nergies \u2013 Occitanie Environnement","isPartOf":{"@id":"https:\/\/toutesnosenergies.fr\/#website"},"datePublished":"2018-02-08T11:39:28+00:00","dateModified":"2024-10-29T14:40:46+00:00","breadcrumb":{"@id":"https:\/\/toutesnosenergies.fr\/index.php\/divers-points-de-vue\/#breadcrumb"},"inLanguage":"fr-FR","potentialAction":[{"@type":"ReadAction","target":["https:\/\/toutesnosenergies.fr\/index.php\/divers-points-de-vue\/"]}]},{"@type":"BreadcrumbList","@id":"https:\/\/toutesnosenergies.fr\/index.php\/divers-points-de-vue\/#breadcrumb","itemListElement":[{"@type":"ListItem","position":1,"name":"Accueil","item":"https:\/\/toutesnosenergies.fr\/"},{"@type":"ListItem","position":2,"name":"Comment r\u00e9agir face \u00e0 un projet d&rsquo;EnR industriel ?"}]},{"@type":"WebSite","@id":"https:\/\/toutesnosenergies.fr\/#website","url":"https:\/\/toutesnosenergies.fr\/","name":"Toutes Nos \u00c9nergies \u2013 Occitanie Environnement","description":"Pour une \u00e9nergie respectueuse du vivant et des territoires ruraux en Occitanie","publisher":{"@id":"https:\/\/toutesnosenergies.fr\/#organization"},"potentialAction":[{"@type":"SearchAction","target":{"@type":"EntryPoint","urlTemplate":"https:\/\/toutesnosenergies.fr\/?s={search_term_string}"},"query-input":{"@type":"PropertyValueSpecification","valueRequired":true,"valueName":"search_term_string"}}],"inLanguage":"fr-FR"},{"@type":"Organization","@id":"https:\/\/toutesnosenergies.fr\/#organization","name":"Toutes Nos \u00c9nergies \u2013 Occitanie Environnement","url":"https:\/\/toutesnosenergies.fr\/","logo":{"@type":"ImageObject","inLanguage":"fr-FR","@id":"https:\/\/toutesnosenergies.fr\/#\/schema\/logo\/image\/","url":"https:\/\/toutesnosenergies.fr\/wp-content\/uploads\/2023\/01\/Petit-logo.png","contentUrl":"https:\/\/toutesnosenergies.fr\/wp-content\/uploads\/2023\/01\/Petit-logo.png","width":360,"height":102,"caption":"Toutes Nos \u00c9nergies \u2013 Occitanie Environnement"},"image":{"@id":"https:\/\/toutesnosenergies.fr\/#\/schema\/logo\/image\/"},"sameAs":["https:\/\/www.facebook.com\/TNEtoutesnosenergiesOccitanieEnvironnement"]}]}},"_links":{"self":[{"href":"https:\/\/toutesnosenergies.fr\/index.php\/wp-json\/wp\/v2\/pages\/869","targetHints":{"allow":["GET"]}}],"collection":[{"href":"https:\/\/toutesnosenergies.fr\/index.php\/wp-json\/wp\/v2\/pages"}],"about":[{"href":"https:\/\/toutesnosenergies.fr\/index.php\/wp-json\/wp\/v2\/types\/page"}],"author":[{"embeddable":true,"href":"https:\/\/toutesnosenergies.fr\/index.php\/wp-json\/wp\/v2\/users\/3"}],"replies":[{"embeddable":true,"href":"https:\/\/toutesnosenergies.fr\/index.php\/wp-json\/wp\/v2\/comments?post=869"}],"version-history":[{"count":63,"href":"https:\/\/toutesnosenergies.fr\/index.php\/wp-json\/wp\/v2\/pages\/869\/revisions"}],"predecessor-version":[{"id":11257,"href":"https:\/\/toutesnosenergies.fr\/index.php\/wp-json\/wp\/v2\/pages\/869\/revisions\/11257"}],"wp:attachment":[{"href":"https:\/\/toutesnosenergies.fr\/index.php\/wp-json\/wp\/v2\/media?parent=869"}],"curies":[{"name":"wp","href":"https:\/\/api.w.org\/{rel}","templated":true}]}}